000
CDAK48 PAKN 041111
CLIAKN

CLIMATE REPORT
NATIONAL WEATHER SERVICE KING SALMON, AK
311 AM AKDT MON MAY 4 2015

...................................
...THE KING SALMON AP CLIMATE SUMMARY FOR MAY 3 2015...

CLIMATE NORMAL PERIOD  1981 TO  2010
CLIMATE RECORD PERIOD  1917 TO  2015

WEATHER ITEM   OBSERVED TIME    RECORD YEAR NORMAL DEPARTURE LAST
               VALUE    (LST)   VALUE       VALUE  FROM      YEAR
                                                   NORMAL
...................................................................
TEMPERATURE
YESTERDAY
 MAXIMUM            48  0433 PM    73  2009     50      -2     63
 MINIMUM            37  0557 AM     5  1949     31       6     35
 AVERAGE            43                          40       3     49

PRECIPITATION
(INCHES)
 YESTERDAY        0.61           0.45  1947   0.03    0.58   0.00
 MONTH TO DATE    0.70                        0.10    0.60   0.00
 SINCE MAR 1      3.83                        1.77    2.06   1.28
 SINCE JAN 1      4.62                        3.55    1.07   3.09

SNOWFALL
(INCHES)
 YESTERDAY         0.0            1.2  1975    0.0     0.0    0.0
 MONTH TO DATE     0.0                         0.1    -0.1    0.0
 SINCE MAR 1      12.4                        10.4     2.0    9.3
 SINCE JUL 1      26.1                        45.9   -19.8   36.0
 SNOW DEPTH (IN)     0                                          0

DEGREE DAYS
 HEATING
  YESTERDAY         22                          25      -3     16
  MONTH TO DATE     67                          75      -8     53
  SINCE MAR 1     1992                        2280    -288   2100
  SINCE JUL 1     8189                        9898   -1709   8460

 COOLING
  YESTERDAY          0                           0       0      0
  MONTH TO DATE      0                           0       0      0
  SINCE MAR 1        0                           0       0      0
  SINCE JAN 1        0                           0       0      0
...................................................................

WIND (MPH)
 HIGHEST WIND SPEED     8     HIGHEST WIND DIRECTION    150
 HIGHEST GUST SPEED    10     HIGHEST GUST DIRECTION    120
 AVERAGE WIND SPEED   2.6

SKY COVER
  POSSIBLE SUNSHINE    MM          AVERAGE SKY COVER     MM

WEATHER CONDITIONS
 THE FOLLOWING WEATHER WAS RECORDED YESTERDAY.
  FOG
RAIN


RELATIVE HUMIDITY
 HIGHEST RH     MM PERCENT       MM
 LOWEST  RH     MM PERCENT       MM
 AVERAGE RH     MM PERCENT       MM
...................................................................

THE KING SALMON CLIMATE NORMALS FOR TODAY
                           NORMAL    RECORD   YEAR
 MAXIMUM TEMPERATURE (F)     50        63     1961
 MINIMUM TEMPERATURE (F)     32        4      1945

SUNRISE AND SUNSET
 MAY 4 2015..........SUNRISE  6:24 AM      SUNSET 10:25 PM
 MAY 5 2015..........SUNRISE  6:21 AM      SUNSET 10:28 PM

-  INDICATES NEGATIVE NUMBERS.
R  INDICATES RECORD HAS BEEN SET OR TIED.
MM INDICATES DATA IS MISSING.
T  INDICATES TRACE OF PRECIPITATION.

&&
-------------------------------------------------------------------

AMOUNT OF DAYLIGHT TODAY  (HOUR:MIN)........16 HOURS 1 MINUTES
GAIN SINCE YESTERDAY (HOUR:MIN:SEC).........+0:04:47

$$
AM MAY 15
