000
CDUS43 KDMX 260637
CLIALO

CLIMATE REPORT
NATIONAL WEATHER SERVICE DES MOINES IA
136 AM CDT SUN APR 26 2015


...................................

...THE WATERLOO IA CLIMATE SUMMARY FOR APRIL 25 2015...

CLIMATE NORMAL PERIOD 1981 TO 2010
CLIMATE RECORD PERIOD 1895 TO 2015


WEATHER ITEM   OBSERVED TIME   RECORD YEAR NORMAL DEPARTURE LAST
                VALUE   (LST)  VALUE       VALUE  FROM      YEAR
                                                  NORMAL
..................................................................
TEMPERATURE (F)
 YESTERDAY
  MAXIMUM         54    134 PM  90    1949  65    -11       71
  MINIMUM         40   1046 PM  21    1934  41     -1       33
  AVERAGE         47                        53     -6       52

PRECIPITATION (IN)
  YESTERDAY        0.00          3.05 2008   0.14  -0.14     0.00
  MONTH TO DATE    3.38                      2.99   0.39     5.74
  SINCE MAR 1      3.98                      5.05  -1.07     7.24
  SINCE JAN 1      6.02                      6.87  -0.85     9.87

SNOWFALL (IN)
  YESTERDAY        0.0           T    1976   0.0    0.0      0.0
  MONTH TO DATE    T                         1.7   -1.7      0.4
  SINCE MAR 1      0.7                       6.3   -5.6      6.2
  SINCE JUL 1     29.2                      35.2   -6.0     57.1
  SNOW DEPTH       0

DEGREE DAYS
 HEATING
  YESTERDAY       18                        13      5       13
  MONTH TO DATE  387                       435    -48      475
  SINCE MAR 1   1296                      1341    -45     1607
  SINCE JUL 1   7057                      6760    297     8015

 COOLING
  YESTERDAY        0                         0      0        0
  MONTH TO DATE    0                         0      0        2
  SINCE MAR 1      0                         0      0        2
  SINCE JAN 1      0                         0      0        2
..................................................................


WIND (MPH)
  HIGHEST WIND SPEED    28   HIGHEST WIND DIRECTION     E (70)
  HIGHEST GUST SPEED    34   HIGHEST GUST DIRECTION    NE (60)
  AVERAGE WIND SPEED    15.1


SKY COVER
  POSSIBLE SUNSHINE  MM
  AVERAGE SKY COVER 1.0


WEATHER CONDITIONS
 THE FOLLOWING WEATHER WAS RECORDED YESTERDAY.
  FOG


RELATIVE HUMIDITY (PERCENT)
 HIGHEST    89           200 AM
 LOWEST     59           200 PM
 AVERAGE    74

..........................................................


THE WATERLOO IA CLIMATE NORMALS FOR TODAY
                         NORMAL    RECORD    YEAR
 MAXIMUM TEMPERATURE (F)   65        85      1986
 MINIMUM TEMPERATURE (F)   42        23      1907


SUNRISE AND SUNSET
APRIL 26 2015.........SUNRISE   612 AM CDT   SUNSET   804 PM CDT
APRIL 27 2015.........SUNRISE   610 AM CDT   SUNSET   805 PM CDT


-  INDICATES NEGATIVE NUMBERS.
R  INDICATES RECORD WAS SET OR TIED.
MM INDICATES DATA IS MISSING.
T  INDICATES TRACE AMOUNT.




$$
