000
CDUS44 KAMA 192134
CLIAMA


CLIMATE REPORT
NATIONAL WEATHER SERVICE AMARILLO TX
430 PM CDT SUN APR 19 2015


...................................

...THE AMARILLO CLIMATE SUMMARY FOR APRIL 19 2015...
VALID TODAY AS OF 0400 PM LOCAL TIME.

CLIMATE NORMAL PERIOD 1981 TO 2010
CLIMATE RECORD PERIOD 1892 TO 2015


WEATHER ITEM   OBSERVED TIME   RECORD YEAR NORMAL DEPARTURE LAST
                VALUE   (LST)  VALUE       VALUE  FROM      YEAR
                                                  NORMAL
..................................................................
TEMPERATURE (F)
 TODAY
  MAXIMUM         59    315 PM  92    1964  72    -13       75
  MINIMUM         40    507 AM  26    2013  43     -3       48
  AVERAGE         50                        57     -7       62

PRECIPITATION (IN)
  TODAY            0.00          1.03 1908   0.05  -0.05      T
  MONTH TO DATE    1.01                      0.82   0.19     0.51
  SINCE MAR 1      1.22                      2.21  -0.99     0.71
  SINCE JAN 1      3.30                      3.49  -0.19     1.10

SNOWFALL (IN)
  TODAY            0.0           2.0  1893   0.1   -0.1      0.0
  MONTH TO DATE    T                         0.6   -0.6      0.4
  SINCE MAR 1      0.1                       3.5   -3.4      0.7
  SINCE JUL 1     23.9                      17.5    6.4     12.8
  SNOW DEPTH       0

DEGREE DAYS
 HEATING
  TODAY           15                         8      7        3
  MONTH TO DATE  116                       205    -89      201
  SINCE MAR 1    556                       737   -181      760
  SINCE JUL 1   3681                      4014   -333     4113

 COOLING
  TODAY            0                         1     -1        0
  MONTH TO DATE   18                         5     13        5
  SINCE MAR 1     20                         7     13        5
  SINCE JAN 1     20                         7     13        5
..................................................................


WIND (MPH)
  RESULTANT WIND SPEED  18   RESULTANT WIND DIRECTION   N (340)
  HIGHEST WIND SPEED    39   HIGHEST WIND DIRECTION     N (340)
  HIGHEST GUST SPEED    53   HIGHEST GUST DIRECTION     N (340)
  AVERAGE WIND SPEED    19.6


SKY COVER
  AVERAGE SKY COVER 0.4


WEATHER CONDITIONS
 THE FOLLOWING WEATHER WAS RECORDED TODAY.
  NO SIGNIFICANT WEATHER WAS OBSERVED.


RELATIVE HUMIDITY (PERCENT)
 HIGHEST    83           200 AM
 LOWEST     47           300 PM
 AVERAGE    65

..........................................................


THE AMARILLO CLIMATE NORMALS FOR TOMORROW
                         NORMAL    RECORD    YEAR
 MAXIMUM TEMPERATURE (F)   72        91      1989
 MINIMUM TEMPERATURE (F)   43        25      1966


SUNRISE AND SUNSET
APRIL 19 2015.........SUNRISE   710 AM CDT   SUNSET   823 PM CDT
APRIL 20 2015.........SUNRISE   709 AM CDT   SUNSET   823 PM CDT


-  INDICATES NEGATIVE NUMBERS.
R  INDICATES RECORD WAS SET OR TIED.
MM INDICATES DATA IS MISSING.
T  INDICATES TRACE AMOUNT.




$$
