000
CDUS42 KJAX 190543
CLIAMG


CLIMATE REPORT
NATIONAL WEATHER SERVICE JACKSONVILLE FL
142 AM EDT SUN APR 19 2015


...................................

...THE ALMA CLIMATE SUMMARY FOR APRIL 18 2015...

CLIMATE NORMAL PERIOD 1981 TO 2010
CLIMATE RECORD PERIOD 1948 TO 2015


WEATHER ITEM   OBSERVED TIME   RECORD YEAR NORMAL DEPARTURE LAST
                VALUE   (LST)  VALUE       VALUE  FROM      YEAR
                                                  NORMAL
..................................................................
TEMPERATURE (F)
 YESTERDAY
  MAXIMUM         84    445 PM  92    1967  79      5       59
  MINIMUM         67    748 AM  37    1999  54     13       54
  AVERAGE         76                        67      9       57

PRECIPITATION (IN)
  YESTERDAY        0.00          2.00 2014   0.09  -0.09     2.00
  MONTH TO DATE    1.15                      1.87  -0.72     7.56
  SINCE MAR 1      3.66                      6.62  -2.96    10.78
  SINCE JAN 1      9.49                     14.68  -5.19    14.30

SNOWFALL (IN)
  YESTERDAY        0.0           0.0    MM   0.0    0.0      0.0
  MONTH TO DATE    0.0                       0.0    0.0      0.0
  SINCE MAR 1      0.0                       0.0    0.0      0.0
  SINCE JUL 1      0.0                       0.1   -0.1       T
  SNOW DEPTH       0

DEGREE DAYS
 HEATING
  YESTERDAY        0                         2     -2        8
  MONTH TO DATE    2                        48    -46       45
  SINCE MAR 1    136                       236   -100      324
  SINCE JUL 1   1811                      1637    174     1791

 COOLING
  YESTERDAY       11                         3      8        0
  MONTH TO DATE  121                        47     74       33
  SINCE MAR 1    173                        85     88       37
  SINCE JAN 1    176                       101     75       45
..................................................................


WIND (MPH)
  HIGHEST WIND SPEED     9   HIGHEST WIND DIRECTION     W (270)
  HIGHEST GUST SPEED    14   HIGHEST GUST DIRECTION     W (290)
  AVERAGE WIND SPEED     3.5


SKY COVER
  POSSIBLE SUNSHINE  MM
  AVERAGE SKY COVER 0.8


WEATHER CONDITIONS
 THE FOLLOWING WEATHER WAS RECORDED YESTERDAY.
  FOG


RELATIVE HUMIDITY (PERCENT)
 HIGHEST   100           300 AM
 LOWEST     55           400 PM
 AVERAGE    78

..........................................................


THE ALMA CLIMATE NORMALS FOR TODAY
                         NORMAL    RECORD    YEAR
 MAXIMUM TEMPERATURE (F)   79        91      1968
 MINIMUM TEMPERATURE (F)   54        35      1983


SUNRISE AND SUNSET
APRIL 19 2015.........SUNRISE   657 AM EDT   SUNSET   801 PM EDT
APRIL 20 2015.........SUNRISE   656 AM EDT   SUNSET   802 PM EDT


-  INDICATES NEGATIVE NUMBERS.
R  INDICATES RECORD WAS SET OR TIED.
MM INDICATES DATA IS MISSING.
T  INDICATES TRACE AMOUNT.




$$
