000
CDUS43 KAPX 280537
CLIANJ


CLIMATE REPORT
NATIONAL WEATHER SERVICE GAYLORD MI
137 AM EDT TUE APR 28 2015


...................................

...THE SAULT STE MARIE MI CLIMATE SUMMARY FOR APRIL 27 2015...

CLIMATE NORMAL PERIOD 1981 TO 2010
CLIMATE RECORD PERIOD 1888 TO 2015


WEATHER ITEM   OBSERVED TIME   RECORD YEAR NORMAL DEPARTURE LAST
                VALUE   (LST)  VALUE       VALUE  FROM      YEAR
                                                  NORMAL
..................................................................
TEMPERATURE (F)
 YESTERDAY
  MAXIMUM         50    237 PM  84    1990  56     -6       53
  MINIMUM         40    623 AM  19    1934  36      4       28
  AVERAGE         45                        46     -1       41

PRECIPITATION (IN)
  YESTERDAY        0.00          1.48 2011   0.08  -0.08     0.00
  MONTH TO DATE    1.74                      2.17  -0.43     3.26
  SINCE MAR 1      3.16                      4.12  -0.96     4.97
  SINCE JAN 1      6.53                      7.65  -1.12     8.33

SNOWFALL (IN)
  YESTERDAY        0.0           1.5  1943   0.1   -0.1      0.0
  MONTH TO DATE    2.6                       6.5   -3.9     11.1
  SINCE OCT 1    168.4                     120.1   48.3    135.4
  SINCE JUL 1    168.4                     120.1   48.3    135.4
  SNOW DEPTH       0

DEGREE DAYS
 HEATING
  YESTERDAY       20                        19      1       24
  MONTH TO DATE  740                       685     55      826
  SINCE MAR 1   2064                      1885    179     2324
  SINCE JUL 1   8843                      8011    832     9104

 COOLING
  YESTERDAY        0                         0      0        0
  MONTH TO DATE    0                         0      0        0
  SINCE MAR 1      0                         0      0        0
  SINCE JAN 1      0                         0      0        0
..................................................................


WIND (MPH)
  HIGHEST WIND SPEED    16   HIGHEST WIND DIRECTION    NW (310)
  HIGHEST GUST SPEED    22   HIGHEST GUST DIRECTION    NW (320)
  AVERAGE WIND SPEED     7.7




RELATIVE HUMIDITY (PERCENT)
 HIGHEST    76
 LOWEST     56
 AVERAGE    66

..........................................................


THE SAULT STE MARIE MI CLIMATE NORMALS FOR TODAY
                         NORMAL    RECORD    YEAR
 MAXIMUM TEMPERATURE (F)   56        77      1970
                                             1900
 MINIMUM TEMPERATURE (F)   36        20      1909


SUNRISE AND SUNSET
APRIL 28 2015.........SUNRISE   628 AM EDT   SUNSET   842 PM EDT
APRIL 29 2015.........SUNRISE   627 AM EDT   SUNSET   844 PM EDT


-  INDICATES NEGATIVE NUMBERS.
R  INDICATES RECORD WAS SET OR TIED.
MM INDICATES DATA IS MISSING.
T  INDICATES TRACE AMOUNT.




$$
