000
CDUS42 KFFC 070820
CLIATL


CLIMATE REPORT
NATIONAL WEATHER SERVICE PEACHTREE CITY GA
419 AM EDT THU MAY 7 2015


...................................

...THE ATLANTA CLIMATE SUMMARY FOR MAY 6 2015...

CLIMATE NORMAL PERIOD 1981 TO 2010
CLIMATE RECORD PERIOD 1878 TO 2015


WEATHER ITEM   OBSERVED TIME   RECORD YEAR NORMAL DEPARTURE LAST
                VALUE   (LST)  VALUE       VALUE  FROM      YEAR
                                                  NORMAL
..................................................................
TEMPERATURE (F)
 YESTERDAY
  MAXIMUM         82    400 PM  92    1952  78      4       85
  MINIMUM         60    614 AM  40    1917  57      3       61
  AVERAGE         71                        67      4       73

PRECIPITATION (IN)
  YESTERDAY        0.00          1.46 1928   0.12  -0.12     0.00
  MONTH TO DATE    0.00                      0.76  -0.76     0.00
  SINCE MAR 1     10.77                      8.93   1.84     9.02
  SINCE JAN 1     19.28                     17.80   1.48    16.18

DEGREE DAYS
 HEATING
  YESTERDAY        0                         1     -1        0
  MONTH TO DATE    6                        11     -5        8
  SINCE MAR 1    298                       496   -198      502
  SINCE JUL 1   2656                      2751    -95     2905

 COOLING
  YESTERDAY        6                         4      2        8
  MONTH TO DATE   18                        21     -3       24
  SINCE MAR 1    114                        86     28       75
  SINCE JAN 1    114                        87     27       77
..................................................................


WIND (MPH)
  RESULTANT WIND SPEED   4   RESULTANT WIND DIRECTION   E (90)
  HIGHEST WIND SPEED    15   HIGHEST WIND DIRECTION     E (100)
  HIGHEST GUST SPEED    20   HIGHEST GUST DIRECTION    NE (60)
  AVERAGE WIND SPEED     4.0


SKY COVER
  AVERAGE SKY COVER 0.2


WEATHER CONDITIONS
 THE FOLLOWING WEATHER WAS RECORDED YESTERDAY.
  NO SIGNIFICANT WEATHER WAS OBSERVED.


RELATIVE HUMIDITY (PERCENT)
 HIGHEST    72           500 AM
 LOWEST     35           700 PM
 AVERAGE    54

..........................................................


THE ATLANTA CLIMATE NORMALS FOR TODAY
                         NORMAL    RECORD    YEAR
 MAXIMUM TEMPERATURE (F)   78        91      1952
                                             1940
 MINIMUM TEMPERATURE (F)   58        38      1944
                                             1898


SUNRISE AND SUNSET
MAY  7 2015...........SUNRISE   644 AM EDT   SUNSET   825 PM EDT
MAY  8 2015...........SUNRISE   643 AM EDT   SUNSET   826 PM EDT


-  INDICATES NEGATIVE NUMBERS.
R  INDICATES RECORD WAS SET OR TIED.
MM INDICATES DATA IS MISSING.
T  INDICATES TRACE AMOUNT.




$$
