000
CDUS41 KGYX 180816
CLIAUG


CLIMATE REPORT
NATIONAL WEATHER SERVICE GRAY ME
416 AM EDT SAT APR 18 2015


...................................

...THE AUGUSTA CLIMATE SUMMARY FOR APRIL 17 2015...

CLIMATE NORMAL PERIOD 1981 TO 2010
CLIMATE RECORD PERIOD 1948 TO 2015


WEATHER ITEM   OBSERVED TIME   RECORD YEAR NORMAL DEPARTURE LAST
                VALUE   (LST)  VALUE       VALUE  FROM      YEAR
                                                  NORMAL
..................................................................
TEMPERATURE (F)
 YESTERDAY
  MAXIMUM         64    314 PM  MM      MM  54     10       45
  MINIMUM         38   1251 AM  MM      MM  35      3       19
  AVERAGE         51                        45      6       32

PRECIPITATION (IN)
  YESTERDAY        0.05         MM      MM   0.12  -0.07     0.00
  MONTH TO DATE    1.07                      2.15  -1.08     1.97
  SINCE MAR 1      2.24                      5.52  -3.28     5.11
  SINCE JAN 1      4.51                     10.56  -6.05     9.90

DEGREE DAYS
 HEATING
  YESTERDAY       14                        20     -6       33
  MONTH TO DATE  415                       405     10      392
  SINCE MAR 1   1591                      1431    160     1640
  SINCE JUL 1   7218                      6774    444     7146

 COOLING
  YESTERDAY        0                         0      0        0
  MONTH TO DATE    0                         0      0        0
  SINCE MAR 1      0                         0      0        0
  SINCE JAN 1      0                         0      0        0
..................................................................


WIND (MPH)
  HIGHEST WIND SPEED    17   HIGHEST WIND DIRECTION     W (280)
  HIGHEST GUST SPEED    26   HIGHEST GUST DIRECTION     W (280)
  AVERAGE WIND SPEED     7.4


SKY COVER
  AVERAGE SKY COVER 0.3


WEATHER CONDITIONS
 THE FOLLOWING WEATHER WAS RECORDED YESTERDAY.
  LIGHT RAIN
  FOG


RELATIVE HUMIDITY (PERCENT)
 HIGHEST    66           900 AM
 LOWEST     42           600 PM
 AVERAGE    54

..........................................................


THE AUGUSTA CLIMATE NORMALS FOR TODAY
                         NORMAL
 MAXIMUM TEMPERATURE (F)   54
 MINIMUM TEMPERATURE (F)   36


SUNRISE AND SUNSET
APRIL 18 2015.........SUNRISE   551 AM EDT   SUNSET   727 PM EDT
APRIL 19 2015.........SUNRISE   549 AM EDT   SUNSET   728 PM EDT


-  INDICATES NEGATIVE NUMBERS.
R  INDICATES RECORD WAS SET OR TIED.
MM INDICATES DATA IS MISSING.
T  INDICATES TRACE AMOUNT.




$$
