000
CDUS44 KEWX 210729
CLIAUS


CLIMATE REPORT
NATIONAL WEATHER SERVICE AUSTIN/SAN ANTONIO, TX
228 AM CDT TUE APR 21 2015


...................................

...THE AUSTIN BERGSTROM CLIMATE SUMMARY FOR APRIL 20 2015...

CLIMATE NORMAL PERIOD 1981 TO 2010
CLIMATE RECORD PERIOD 1943 TO 2015


WEATHER ITEM   OBSERVED TIME   RECORD YEAR NORMAL DEPARTURE LAST
                VALUE   (LST)  VALUE       VALUE  FROM      YEAR
                                                  NORMAL
..................................................................
TEMPERATURE (F)
 YESTERDAY
  MAXIMUM         72    222 PM  93    1984  81     -9       76
  MINIMUM         53   1159 PM  33    2013  56     -3       54
  AVERAGE         63                        68     -5       65

PRECIPITATION (IN)
  YESTERDAY        T             0.73 1968   0.08  -0.08     0.00
  MONTH TO DATE    1.17                      1.35  -0.18     1.65
  SINCE MAR 1      5.21                      4.13   1.08     2.84
  SINCE JAN 1     10.95                      8.64   2.31     3.93

SNOWFALL (IN)
  YESTERDAY        0.0
  MONTH TO DATE    0.0
  SINCE MAR 1      0.0
  SINCE JUL 1      T
  SNOW DEPTH       0

DEGREE DAYS
 HEATING
  YESTERDAY        2                         1      1        0
  MONTH TO DATE   10                        54    -44       72
  SINCE MAR 1    250                       276    -26      352
  SINCE JUL 1   1964                      1891     73     2169

 COOLING
  YESTERDAY        0                         5     -5        0
  MONTH TO DATE  106                        74     32       63
  SINCE MAR 1    144                       116     28       95
  SINCE JAN 1    146                       132     14      112
..................................................................


WIND (MPH)
  HIGHEST WIND SPEED    29   HIGHEST WIND DIRECTION     N (360)
  HIGHEST GUST SPEED    34   HIGHEST GUST DIRECTION     N (360)
  AVERAGE WIND SPEED    10.6


SKY COVER
  AVERAGE SKY COVER 0.7


WEATHER CONDITIONS
 THE FOLLOWING WEATHER WAS RECORDED YESTERDAY.
  LIGHT RAIN


RELATIVE HUMIDITY (PERCENT)
 HIGHEST    86           900 PM
 LOWEST     37           100 PM
 AVERAGE    62

..........................................................


THE AUSTIN BERGSTROM CLIMATE NORMALS FOR TODAY
                         NORMAL    RECORD    YEAR
 MAXIMUM TEMPERATURE (F)   81        92      2011
                                             2009
                                             1955
 MINIMUM TEMPERATURE (F)   56        44      2013


SUNRISE AND SUNSET
APRIL 21 2015.........SUNRISE   657 AM CDT   SUNSET   802 PM CDT
APRIL 22 2015.........SUNRISE   656 AM CDT   SUNSET   802 PM CDT


-  INDICATES NEGATIVE NUMBERS.
R  INDICATES RECORD WAS SET OR TIED.
MM INDICATES DATA IS MISSING.
T  INDICATES TRACE AMOUNT.




$$
