000
CDUS41 KBGM 180531
CLIAVP


CLIMATE REPORT
NATIONAL WEATHER SERVICE BINGHAMTON NY
130 AM EDT SAT APR 18 2015


...................................

...THE AVOCA PA CLIMATE SUMMARY FOR APRIL 17 2015...

CLIMATE NORMAL PERIOD 1981 TO 2010
CLIMATE RECORD PERIOD 1901 TO 2015


WEATHER ITEM   OBSERVED TIME   RECORD YEAR NORMAL DEPARTURE LAST
                VALUE   (LST)  VALUE       VALUE  FROM      YEAR
                                                  NORMAL
..................................................................
TEMPERATURE (F)
 YESTERDAY
  MAXIMUM         69    551 PM  90    2002  60      9       53
  MINIMUM         53   1159 PM  23    1908  39     14       28
  AVERAGE         61                        49     12       41

PRECIPITATION (IN)
  YESTERDAY        0.05          1.08 1982   0.11  -0.06     0.00
  MONTH TO DATE    1.28                      1.88  -0.60     1.88
  SINCE MAR 1      3.24                      4.43  -1.19     3.95
  SINCE JAN 1      6.24                      8.83  -2.59     8.83

SNOWFALL (IN)
  YESTERDAY        0.0           T    1993   0.1   -0.1      0.0
                                      1978
  MONTH TO DATE    0.0                       2.1   -2.1      0.7
  SINCE MAR 1      9.0                      11.1   -2.1      3.1
  SINCE JUL 1     51.4                      45.0    6.4     58.9

DEGREE DAYS
 HEATING
  YESTERDAY        4                        16    -12       24
  MONTH TO DATE  267                       323    -56      291
  SINCE MAR 1   1262                      1194     68     1334
  SINCE JUL 1   5959                      5800    159     6157

 COOLING
  YESTERDAY        0                         0      0        0
  MONTH TO DATE    0                         0      0        7
  SINCE MAR 1      0                         0      0        7
  SINCE JAN 1      0                         0      0        7
..................................................................


WIND (MPH)
  HIGHEST WIND SPEED    16   HIGHEST WIND DIRECTION     W (250)
  HIGHEST GUST SPEED    21   HIGHEST GUST DIRECTION    SW (230)
  AVERAGE WIND SPEED     8.7


SKY COVER
  AVERAGE SKY COVER 0.8



RELATIVE HUMIDITY (PERCENT)
 HIGHEST    86           900 AM
 LOWEST     53           600 PM
 AVERAGE    70

..........................................................


THE AVOCA PA CLIMATE NORMALS FOR TODAY
                         NORMAL    RECORD    YEAR
 MAXIMUM TEMPERATURE (F)   60        92      1976
 MINIMUM TEMPERATURE (F)   39        28      2001
                                             1948


SUNRISE AND SUNSET
APRIL 18 2015.........SUNRISE   619 AM EDT   SUNSET   746 PM EDT
APRIL 19 2015.........SUNRISE   618 AM EDT   SUNSET   747 PM EDT


-  INDICATES NEGATIVE NUMBERS.
R  INDICATES RECORD WAS SET OR TIED.
MM INDICATES DATA IS MISSING.
T  INDICATES TRACE AMOUNT.

$$
