000
CDUS46 KHNX 270021
CLIBFL


CLIMATE REPORT
NATIONAL WEATHER SERVICE SAN JOAQUIN VALLEY, CA
521 PM PDT SUN APR 26 2015


...................................

...THE BAKERSFIELD CLIMATE SUMMARY FOR APRIL 26 2015...
VALID AS OF 0500 PM LOCAL TIME.

CLIMATE NORMAL PERIOD 1981 TO 2010
CLIMATE RECORD PERIOD 1889 TO 2015


WEATHER ITEM   OBSERVED TIME   RECORD YEAR NORMAL DEPARTURE LAST
                VALUE   (LST)  VALUE       VALUE  FROM      YEAR
                                                  NORMAL
..................................................................
TEMPERATURE (F)
 TODAY
  MAXIMUM         75    333 PM  98    1926  78     -3       65
                                      1913
  MINIMUM         48    527 AM  32    1893  53     -5       47
  AVERAGE         62                        65     -3       56

PRECIPITATION (IN)
  TODAY            0.00          0.80 1931   0.01  -0.01     0.18
  MONTH TO DATE    0.08                      0.47  -0.39     0.50
  SINCE OCT 1      4.61                      6.04  -1.43     2.37
  SINCE JAN 1      1.94                      4.08  -2.14     1.30

SNOWFALL (IN)
  TODAY            0.0
  MONTH TO DATE    0.0
  SINCE MAR 1      0.0
  SINCE JUL 1      0.0
  SNOW DEPTH       0

DEGREE DAYS
 HEATING
  TODAY            3                         3      0        9
  MONTH TO DATE   69                       121    -52       64
  SINCE MAR 1    153                       360   -207      164
  SINCE JUL 1   1288                      2134   -846     1492

 COOLING
  TODAY            0                         3     -3        0
  MONTH TO DATE   46                        45      1      117
  SINCE MAR 1    117                        54     63      137
  SINCE JAN 1    121                        54     67      146
..................................................................


WIND (MPH)
  HIGHEST WIND SPEED    17   HIGHEST WIND DIRECTION    NW (320)
  HIGHEST GUST SPEED    22   HIGHEST GUST DIRECTION     W (280)
  AVERAGE WIND SPEED     6.8




RELATIVE HUMIDITY (PERCENT)
 HIGHEST    77
 LOWEST     25
 AVERAGE    51

..........................................................


THE BAKERSFIELD CLIMATE NORMALS FOR TOMORROW
                         NORMAL    RECORD    YEAR
 MAXIMUM TEMPERATURE (F)   78        98      2004
 MINIMUM TEMPERATURE (F)   53        34      1984


SUNRISE AND SUNSET
APRIL 26 2015.........SUNRISE   610 AM PDT   SUNSET   738 PM PDT
APRIL 27 2015.........SUNRISE   609 AM PDT   SUNSET   739 PM PDT


-  INDICATES NEGATIVE NUMBERS.
R  INDICATES RECORD WAS SET OR TIED.
MM INDICATES DATA IS MISSING.
T  INDICATES TRACE AMOUNT.




$$
