000
CDUS44 KAMA 180633
CLIBGD


CLIMATE REPORT
NATIONAL WEATHER SERVICE AMARILLO TX
133 AM CDT SAT APR 18 2015


...................................

...THE BORGER CLIMATE SUMMARY FOR APRIL 17 2015...

CLIMATE NORMAL PERIOD 1981 TO 2013
CLIMATE RECORD PERIOD 1949 TO 2015


WEATHER ITEM   OBSERVED TIME   RECORD YEAR NORMAL DEPARTURE LAST
                VALUE   (LST)  VALUE       VALUE  FROM      YEAR
                                                  NORMAL
..................................................................
TEMPERATURE (F)
 YESTERDAY
  MAXIMUM         71    323 PM  93    2006  73     -2       54
  MINIMUM         50    632 AM  32    1998  45      5       43
  AVERAGE         61                        59      2       49

PRECIPITATION (IN)
  YESTERDAY        T             1.63 1988   0.06  -0.06      T
  MONTH TO DATE    0.93                      0.95  -0.02     0.10
  SINCE MAR 1      1.20                      2.36  -1.16     0.17
  SINCE JAN 1      3.05                      3.57  -0.52     0.55

SNOWFALL (IN)
  YESTERDAY        0.0           T    1992                   0.0
  MONTH TO DATE    0.0                                       1.1
  SINCE MAR 1      T                                         2.1
  SINCE JUL 1     17.5                                      14.7
  SNOW DEPTH       0

DEGREE DAYS
 HEATING
  YESTERDAY        4                         7     -3       16
  MONTH TO DATE   71                       153    -82      158
  SINCE MAR 1    431                       637   -206      660
  SINCE JUL 1   3303                      3630   -327     3738

 COOLING
  YESTERDAY        0                         1     -1        0
  MONTH TO DATE   40                        14     26       20
  SINCE MAR 1     47                        21     26       22
  SINCE JAN 1     47                        21     26       22
..................................................................


WIND (MPH)
  RESULTANT WIND SPEED   6   RESULTANT WIND DIRECTION  SE (150)
  HIGHEST WIND SPEED    24   HIGHEST WIND DIRECTION    SE (140)
  HIGHEST GUST SPEED    31   HIGHEST GUST DIRECTION    SE (140)
  AVERAGE WIND SPEED     8.6


SKY COVER
  AVERAGE SKY COVER 0.5


WEATHER CONDITIONS
 THE FOLLOWING WEATHER WAS RECORDED YESTERDAY.
  THUNDERSTORM
  LIGHT RAIN
  FOG


RELATIVE HUMIDITY (PERCENT)
 HIGHEST    96           400 AM
 LOWEST     37           100 PM
 AVERAGE    67

..........................................................


THE BORGER CLIMATE NORMALS FOR TODAY
                         NORMAL    RECORD    YEAR
 MAXIMUM TEMPERATURE (F)   73        94      1987
 MINIMUM TEMPERATURE (F)   46        27      1953


SUNRISE AND SUNSET
APRIL 18 2015.........SUNRISE   709 AM CDT   SUNSET   821 PM CDT
APRIL 19 2015.........SUNRISE   708 AM CDT   SUNSET   822 PM CDT


-  INDICATES NEGATIVE NUMBERS.
R  INDICATES RECORD WAS SET OR TIED.
MM INDICATES DATA IS MISSING.
T  INDICATES TRACE AMOUNT.




$$
