000
CDUS45 KVEF 250826
CLIBIH


CLIMATE REPORT
NATIONAL WEATHER SERVICE LAS VEGAS, NV
126 AM PDT SAT APR 25 2015


...................................

...THE BISHOP CA CLIMATE SUMMARY FOR APRIL 24 2015...

CLIMATE NORMAL PERIOD 1981 TO 2010
CLIMATE RECORD PERIOD 1943 TO 2015


WEATHER ITEM   OBSERVED TIME   RECORD YEAR NORMAL DEPARTURE LAST
                VALUE   (LST)  VALUE       VALUE  FROM      YEAR
                                                  NORMAL
..................................................................
TEMPERATURE (F)
 YESTERDAY
  MAXIMUM         75    302 PM  87    1996  75      0       80
                                      1953
  MINIMUM         44    557 AM  27    1964  38      6       35
  AVERAGE         60                        57      3       58

PRECIPITATION (IN)
  YESTERDAY        0.00          0.06 1947   0.01  -0.01     0.00
  MONTH TO DATE    0.01                      0.23  -0.22     0.07
  SINCE OCT 1      0.74                      4.28  -3.54     2.24
  SINCE JAN 1      0.28                      2.66  -2.38     2.02

SNOWFALL (IN)
  YESTERDAY        0.0           T    1971   0.0    0.0      0.0
  MONTH TO DATE    0.0                       0.0    0.0      0.1
  SINCE MAR 1      T                         0.9   -0.9      0.1
  SINCE JUL 1      T                         6.8   -6.8      0.6
  SNOW DEPTH       0

DEGREE DAYS
 HEATING
  YESTERDAY        5                         9     -4        7
  MONTH TO DATE  230                       274    -44      162
  SINCE MAR 1    530                       790   -260      597
  SINCE JUL 1   2971                      3997  -1026     3547

 COOLING
  YESTERDAY        0                         0      0        0
  MONTH TO DATE    0                         0      0        4
  SINCE MAR 1      0                         0      0        4
  SINCE JAN 1      0                         0      0        4
..................................................................


WIND (MPH)
  RESULTANT WIND SPEED   7   RESULTANT WIND DIRECTION  NW (330)
  HIGHEST WIND SPEED    26   HIGHEST WIND DIRECTION    NW (330)
  HIGHEST GUST SPEED    35   HIGHEST GUST DIRECTION    NW (310)
  AVERAGE WIND SPEED     9.4


SKY COVER
  POSSIBLE SUNSHINE  MM
  AVERAGE SKY COVER 0.4


WEATHER CONDITIONS
 THE FOLLOWING WEATHER WAS RECORDED YESTERDAY.
  NO SIGNIFICANT WEATHER WAS OBSERVED.


RELATIVE HUMIDITY (PERCENT)
 HIGHEST    83           300 AM
 LOWEST     14           300 PM
 AVERAGE    49

..........................................................


THE BISHOP CA CLIMATE NORMALS FOR TODAY
                         NORMAL    RECORD    YEAR
 MAXIMUM TEMPERATURE (F)   75        87      1996
                                             1953
 MINIMUM TEMPERATURE (F)   39        24      1989


SUNRISE AND SUNSET
APRIL 25 2015.........SUNRISE   606 AM PDT   SUNSET   738 PM PDT
APRIL 26 2015.........SUNRISE   605 AM PDT   SUNSET   738 PM PDT


-  INDICATES NEGATIVE NUMBERS.
R  INDICATES RECORD WAS SET OR TIED.
MM INDICATES DATA IS MISSING.
T  INDICATES TRACE AMOUNT.




$$
