000
CDUS46 KBOI 020931
CLIBKE


CLIMATE REPORT
NATIONAL WEATHER SERVICE BOISE ID
331 AM MDT SAT MAY 2 2015


...................................

...THE BAKER OR CLIMATE SUMMARY FOR MAY 1 2015...

CLIMATE NORMAL PERIOD 1981 TO 2010
CLIMATE RECORD PERIOD 1948 TO 2015


WEATHER ITEM   OBSERVED TIME   RECORD YEAR NORMAL DEPARTURE LAST
                VALUE   (LST)  VALUE       VALUE  FROM      YEAR
                                                  NORMAL
..................................................................
TEMPERATURE (F)
 YESTERDAY
  MAXIMUM         76    339 PM  82    1998  62     14       79
  MINIMUM         26    400 AM  15    2013  32     -6       30
  AVERAGE         51                        47      4       55

PRECIPITATION (IN)
  YESTERDAY        0.00          0.31 1959   0.04  -0.04     0.00
  MONTH TO DATE    0.00                      0.04  -0.04     0.00
  SINCE OCT 1      4.44                      5.60  -1.16     4.44
  SINCE JAN 1      2.24                      3.09  -0.85     3.27

DEGREE DAYS
 HEATING
  YESTERDAY       14                        18     -4       10
  MONTH TO DATE   14                        18     -4       10
  SINCE MAR 1   1380                      1511   -131     1409
  SINCE JUL 1   6056                      7031   -975     6935

 COOLING
  YESTERDAY        0                         0      0        0
  MONTH TO DATE    0                         0      0        0
  SINCE MAR 1      0                         0      0        0
  SINCE JAN 1      0                         0      0        0
..................................................................


WIND (MPH)
  RESULTANT WIND SPEED   3   RESULTANT WIND DIRECTION   E (90)
  HIGHEST WIND SPEED    18   HIGHEST WIND DIRECTION    NE (60)
  HIGHEST GUST SPEED    23   HIGHEST GUST DIRECTION    NE (60)
  AVERAGE WIND SPEED     5.1


SKY COVER
  AVERAGE SKY COVER 0.0


WEATHER CONDITIONS
 THE FOLLOWING WEATHER WAS RECORDED YESTERDAY.
  FOG


RELATIVE HUMIDITY (PERCENT)
 HIGHEST    96           300 AM
 LOWEST     16           300 PM
 AVERAGE    56

..........................................................


THE BAKER OR CLIMATE NORMALS FOR TODAY
                         NORMAL    RECORD    YEAR
 MAXIMUM TEMPERATURE (F)   62        84      1966
 MINIMUM TEMPERATURE (F)   32        18      2008


SUNRISE AND SUNSET
MAY  2 2015...........SUNRISE   540 AM PDT   SUNSET   757 PM PDT
MAY  3 2015...........SUNRISE   538 AM PDT   SUNSET   759 PM PDT


-  INDICATES NEGATIVE NUMBERS.
R  INDICATES RECORD WAS SET OR TIED.
MM INDICATES DATA IS MISSING.
T  INDICATES TRACE AMOUNT.




$$
