000
CDUS41 KRNK 060604
CLIBLF


CLIMATE REPORT
NATIONAL WEATHER SERVICE BLACKSBURG VA
201 AM EDT WED MAY 6 2015


...................................

...THE BLUEFIELD WV CLIMATE SUMMARY FOR MAY 5 2015...

CLIMATE NORMAL PERIOD 1981 TO 2010
CLIMATE RECORD PERIOD 1959 TO 2015


WEATHER ITEM   OBSERVED TIME   RECORD YEAR NORMAL DEPARTURE LAST
                VALUE   (LST)  VALUE       VALUE  FROM      YEAR
                                                  NORMAL
..................................................................
TEMPERATURE (F)
 YESTERDAY
  MAXIMUM         80    233 PM  82    2014  70     10       82
  MINIMUM         59    555 AM  36    2011  51      8       51
  AVERAGE         70                        60     10

PRECIPITATION (IN)
  YESTERDAY        0.00          1.50 1989   0.14  -0.14     0.00
  MONTH TO DATE    0.51                      0.65  -0.14      T
  SINCE MAR 1     10.92                      7.50   3.42     4.73
  SINCE JAN 1     14.48                     13.16   1.32     8.86

SNOWFALL (IN)
  YESTERDAY        0.0
  MONTH TO DATE    0.0
  SINCE MAR 1      3.1
  SINCE JUL 1     39.7
  SNOW DEPTH       0

DEGREE DAYS
 HEATING
  YESTERDAY        0                         6     -6
  MONTH TO DATE   30                        32     -2
  SINCE MAR 1    882                       969    -87
  SINCE JUL 1   4802                      4462    340

 COOLING
  YESTERDAY        5                         1      4
  MONTH TO DATE    8                         5      3
  SINCE MAR 1     19                        33    -14
  SINCE JAN 1     19                        33    -14
..................................................................


WIND (MPH)
  HIGHEST WIND SPEED    13   HIGHEST WIND DIRECTION     W (260)
  HIGHEST GUST SPEED    17   HIGHEST GUST DIRECTION    SW (240)
  AVERAGE WIND SPEED     4.9


SKY COVER
  POSSIBLE SUNSHINE  MM
  AVERAGE SKY COVER 0.2


WEATHER CONDITIONS
 THE FOLLOWING WEATHER WAS RECORDED YESTERDAY.
  NO SIGNIFICANT WEATHER WAS OBSERVED.


RELATIVE HUMIDITY (PERCENT)
 HIGHEST    56           700 AM
 LOWEST     33          1200 PM
 AVERAGE    45

..........................................................


THE BLUEFIELD WV CLIMATE NORMALS FOR TODAY
                         NORMAL    RECORD    YEAR
 MAXIMUM TEMPERATURE (F)   70        84      2014
 MINIMUM TEMPERATURE (F)   51        32      1989


SUNRISE AND SUNSET
MAY  6 2015...........SUNRISE   625 AM EDT   SUNSET   819 PM EDT
MAY  7 2015...........SUNRISE   624 AM EDT   SUNSET   819 PM EDT


-  INDICATES NEGATIVE NUMBERS.
R  INDICATES RECORD WAS SET OR TIED.
MM INDICATES DATA IS MISSING.
T  INDICATES TRACE AMOUNT.

$$
RCS
