000
CDUS46 KSEW 180125
CLIBLI


CLIMATE REPORT
NATIONAL WEATHER SERVICE SEATTLE WA
624 PM PDT FRI APR 17 2015


...................................

...THE BELLINGHAM WA AIRPORT CLIMATE SUMMARY FOR APRIL 17 2015...
VALID TODAY AS OF 0600 PM LOCAL TIME.

CLIMATE NORMAL PERIOD 1981 TO 2010
CLIMATE RECORD PERIOD 1949 TO 2015


WEATHER ITEM   OBSERVED TIME   RECORD YEAR NORMAL DEPARTURE LAST
                VALUE   (LST)  VALUE       VALUE  FROM      YEAR
                                                  NORMAL
..................................................................
TEMPERATURE (F)
 TODAY
  MAXIMUM         63    246 PM  69    1983  57      6       56
                                      1952
  MINIMUM         41    327 AM  30    1964  40      1       45
  AVERAGE         52                        49      3       51

PRECIPITATION (IN)
  TODAY            T             1.59 1992   0.09  -0.09     0.55
  MONTH TO DATE    0.42                      1.63  -1.21     1.50
  SINCE OCT 1     27.89                     26.24   1.65    22.78
  SINCE JAN 1     13.16                     12.54   0.62    12.47

DEGREE DAYS
 HEATING
  TODAY           13                        16     -3       14
  MONTH TO DATE  300                       297      3      246
  SINCE MAR 1    803                       940   -137      839

 COOLING
  TODAY            0                         0      0        0
  MONTH TO DATE    0                         0      0        0
  SINCE MAR 1      0                         0      0        0
  SINCE JAN 1      0                         0      0        0
..................................................................


WIND (MPH)
  RESULTANT WIND SPEED   1   RESULTANT WIND DIRECTION  SW (230)
  HIGHEST WIND SPEED    12   HIGHEST WIND DIRECTION     W (280)
  HIGHEST GUST SPEED    16   HIGHEST GUST DIRECTION    NW (300)
  AVERAGE WIND SPEED     3.1


SKY COVER
  AVERAGE SKY COVER 0.2


WEATHER CONDITIONS
 THE FOLLOWING WEATHER WAS RECORDED TODAY.
  LIGHT RAIN


RELATIVE HUMIDITY (PERCENT)
 HIGHEST    96           200 AM
 LOWEST     48           200 PM
 AVERAGE    72

..........................................................


THE BELLINGHAM WA AIRPORT CLIMATE NORMALS FOR TOMORROW
                         NORMAL    RECORD    YEAR
 MAXIMUM TEMPERATURE (F)   57        74      1962
 MINIMUM TEMPERATURE (F)   40        30      1966
                                             1964
                                             1955


SUNRISE AND SUNSET
APRIL 17 2015.........SUNRISE   616 AM PDT   SUNSET   805 PM PDT
APRIL 18 2015.........SUNRISE   614 AM PDT   SUNSET   806 PM PDT


-  INDICATES NEGATIVE NUMBERS.
R  INDICATES RECORD WAS SET OR TIED.
MM INDICATES DATA IS MISSING.
T  INDICATES TRACE AMOUNT.




$$
