000
CDUS44 KBRO 180636
CLIBRO


CLIMATE REPORT
NATIONAL WEATHER SERVICE BROWNSVILLE TX
136 AM CDT SAT APR 18 2015


...................................

...THE BROWNSVILLE CLIMATE SUMMARY FOR APRIL 17 2015...

CLIMATE NORMAL PERIOD 1981 TO 2010
CLIMATE RECORD PERIOD 1878 TO 2015


WEATHER ITEM   OBSERVED TIME   RECORD YEAR NORMAL DEPARTURE LAST
                VALUE   (LST)  VALUE       VALUE  FROM      YEAR
                                                  NORMAL
..................................................................
TEMPERATURE (F)
 YESTERDAY
  MAXIMUM         84    311 PM 100    1920  84      0       75
  MINIMUM         75   1137 PM  46    1910  66      9       63
  AVERAGE         80                        75      5       69

PRECIPITATION (IN)
  YESTERDAY        T             3.44 1890   0.06  -0.06     0.28
  MONTH TO DATE    1.59                      0.88   0.71     0.28
  SINCE MAR 1      6.31                      2.11   4.20     1.74
  SINCE JAN 1     10.63                      4.46   6.17     2.50

SNOWFALL (IN)
  YESTERDAY        0.0           0.0  2002   0.0
                                      2001
  MONTH TO DATE    0.0                       0.0
  SINCE MAR 1      0.0                       0.0
  SINCE JUL 1      0.0                       0.0

DEGREE DAYS
 HEATING
  YESTERDAY        0                         0      0        0
  MONTH TO DATE    0                         6     -6       10
  SINCE MAR 1     67                        49     18      100
  SINCE JUL 1    690                       552    138      824

 COOLING
  YESTERDAY       15                        10      5        4
  MONTH TO DATE  215                       153     62      139
  SINCE MAR 1    339                       327     12      262
  SINCE JAN 1    396                       468    -72      382
..................................................................


WIND (MPH)
  HIGHEST WIND SPEED    23   HIGHEST WIND DIRECTION    SE (150)
  HIGHEST GUST SPEED    28   HIGHEST GUST DIRECTION    SE (150)
  AVERAGE WIND SPEED    11.3


SKY COVER
  POSSIBLE SUNSHINE  MM
  AVERAGE SKY COVER 0.8


WEATHER CONDITIONS
 THE FOLLOWING WEATHER WAS RECORDED YESTERDAY.
  FOG
  HAZE


RELATIVE HUMIDITY (PERCENT)
 HIGHEST   100           700 AM
 LOWEST     74           300 PM
 AVERAGE    87

..........................................................


THE BROWNSVILLE CLIMATE NORMALS FOR TODAY
                         NORMAL    RECORD    YEAR
 MAXIMUM TEMPERATURE (F)   84       100      1953
                                             1920
 MINIMUM TEMPERATURE (F)   66        46      1921
                                             1901


SUNRISE AND SUNSET
APRIL 18 2015.........SUNRISE   704 AM CDT   SUNSET   754 PM CDT
APRIL 19 2015.........SUNRISE   703 AM CDT   SUNSET   755 PM CDT


-  INDICATES NEGATIVE NUMBERS.
R  INDICATES RECORD WAS SET OR TIED.
MM INDICATES DATA IS MISSING.
T  INDICATES TRACE AMOUNT.




$$
