000
CDAK49 PABR 262212
CLIBRW

CLIMATE REPORT
NATIONAL WEATHER SERVICE BARROW, AK
212 PM AKDT SUN APR 26 2015

...................................
...THE BARROW WSO AP CLIMATE SUMMARY FOR APRIL 26 2015...
VALID TODAY AS OF 200 PM LOCAL TIME

CLIMATE NORMAL PERIOD  1981 TO  2010
CLIMATE RECORD PERIOD  1915 TO  2015

WEATHER ITEM   OBSERVED TIME    RECORD YEAR NORMAL DEPARTURE LAST
               VALUE    (LST)   VALUE       VALUE  FROM      YEAR
                                                   NORMAL
...................................................................
TEMPERATURE
TODAY
 MAXIMUM            22  1255 AM    39  2009     15       7     21
 MINIMUM            18  1129 AM   -27  1924      3      15      3
 AVERAGE            20                           9      11     12

PRECIPITATION
(INCHES)
 TODAY            0.00           0.06  2002   0.01   -0.01   0.00
 MONTH TO DATE    0.33                        0.14    0.19   0.29
 SINCE MAR 1      0.61                        0.23    0.38   0.34
 SINCE JAN 1      1.18                        0.50    0.68   0.71

SNOWFALL
(INCHES)
 TODAY             0.0            1.2  1973    0.1    -0.1    0.0
 MONTH TO DATE     5.6                         2.8     2.8    3.7
 SINCE MAR 1       9.0                         4.9     4.1    5.5
 SINCE JUL 1      52.1                        33.9    18.2   48.1
 SNOW DEPTH (IN)     8                                          9

DEGREE DAYS
 HEATING
  TODAY             45                          56     -11     53
  MONTH TO DATE   1554                        1678    -124   1637
  SINCE MAR 1     3894                        4082    -188   3790
  SINCE JUL 1    16037                       16930    -893  15513

 COOLING
  TODAY              0                           0       0      0
  MONTH TO DATE      0                           0       0      0
  SINCE MAR 1        0                           0       0      0
  SINCE JAN 1        0                           0       0      0
...................................................................

WIND (MPH)
 HIGHEST WIND SPEED    10     HIGHEST WIND DIRECTION    190
 HIGHEST GUST SPEED    11     HIGHEST GUST DIRECTION    180
 AVERAGE WIND SPEED    MM

SKY COVER
  POSSIBLE SUNSHINE  MM            AVERAGE SKY COVER MM

WEATHER CONDITIONS
 THE FOLLOWING WEATHER WAS RECORDED TODAY.
  FOG


RELATIVE HUMIDITY
 HIGHEST RH     MM PERCENT       MM
 LOWEST  RH     MM PERCENT       MM
 AVERAGE RH     MM PERCENT       MM
...................................................................

THE BARROW CLIMATE NORMALS FOR TOMORROW
                        NORMAL    RECORD   YEAR
 MAXIMUM TEMPERATURE      16        37     1967
 MINIMUM TEMPERATURE       3       -22     1949

SUNRISE AND SUNSET
 APR 26 2015..........SUNRISE  509 AM      SUNSET 1147 PM
 APR 27 2015..........SUNRISE  502 AM      SUNSET 1153 PM

-  INDICATES NEGATIVE NUMBERS.
R  INDICATES RECORD HAS BEEN SET OR TIED.
MM INDICATES DATA IS MISSING.
T  INDICATES TRACE OF PRECIPITATION.

&&
-------------------------------------------------------------------

AMOUNT OF DAYLIGHT TODAY  (HOUR:MIN)........18 HOURS 38 MINUTES
GAIN/LOSS SINCE YESTERDAY (HOUR:MIN:SEC)....+0:12:19

$$
DPA APR 15
