000
CDUS43 KLMK 180626
CLIBWG


CLIMATE REPORT
NATIONAL WEATHER SERVICE LOUISVILLE KY
226 AM EDT SAT APR 18 2015


...................................

...THE BOWLING GREEN KY CLIMATE SUMMARY FOR APRIL 17 2015...

CLIMATE NORMAL PERIOD 1981 TO 2010
CLIMATE RECORD PERIOD 1870 TO 2015


WEATHER ITEM   OBSERVED TIME   RECORD YEAR NORMAL DEPARTURE LAST
                VALUE   (LST)  VALUE       VALUE  FROM      YEAR
                                                  NORMAL
..................................................................
TEMPERATURE (F)
 YESTERDAY
  MAXIMUM         75    424 PM  90    1955  70      5       68
                                      1914
                                      1909
  MINIMUM         55    139 AM  18    1875  46      9       39
  AVERAGE         65                        58      7       54

PRECIPITATION (IN)
  YESTERDAY        0.00          1.20 1982   0.14  -0.14     0.00
  MONTH TO DATE    7.16                      2.30   4.86     3.05
  SINCE MAR 1     13.43                      6.71   6.72     6.78
  SINCE JAN 1     19.31                     14.28   5.03    13.95

SNOWFALL (IN)
  YESTERDAY        0.0           0.0    MM   0.0    0.0      0.0
  MONTH TO DATE    0.0                       0.2   -0.2       T
  SINCE MAR 1      7.2                       1.3    5.9      5.1
  SINCE JUL 1     23.5                       9.1   14.4     10.4
  SNOW DEPTH       0

DEGREE DAYS
 HEATING
  YESTERDAY        0                         8     -8       11
  MONTH TO DATE   74                       171    -97      144
  SINCE MAR 1    614                       691    -77      797
  SINCE JUL 1   4149                      3889    260     4406

 COOLING
  YESTERDAY        0                         1     -1        0
  MONTH TO DATE   28                        16     12       12
  SINCE MAR 1     28                        21      7       12
  SINCE JAN 1     28                        21      7       12
..................................................................


WIND (MPH)
  HIGHEST WIND SPEED     8   HIGHEST WIND DIRECTION    SE (140)
  HIGHEST GUST SPEED    11   HIGHEST GUST DIRECTION    SE (120)
  AVERAGE WIND SPEED     2.0


SKY COVER
  POSSIBLE SUNSHINE  MM
  AVERAGE SKY COVER 0.5


WEATHER CONDITIONS
 THE FOLLOWING WEATHER WAS RECORDED YESTERDAY.
  FOG


RELATIVE HUMIDITY (PERCENT)
 HIGHEST    93           200 AM
 LOWEST     61           400 PM
 AVERAGE    77

..........................................................


THE BOWLING GREEN KY CLIMATE NORMALS FOR TODAY
                         NORMAL    RECORD    YEAR
 MAXIMUM TEMPERATURE (F)   71        90      1917
                                             1909
 MINIMUM TEMPERATURE (F)   46        20      1875


SUNRISE AND SUNSET
APRIL 18 2015.........SUNRISE   608 AM CDT   SUNSET   723 PM CDT
APRIL 19 2015.........SUNRISE   607 AM CDT   SUNSET   724 PM CDT


-  INDICATES NEGATIVE NUMBERS.
R  INDICATES RECORD WAS SET OR TIED.
MM INDICATES DATA IS MISSING.
T  INDICATES TRACE AMOUNT.




$$
