000
CDUS41 KLWX 270522
CLIBWI


CLIMATE REPORT
NATIONAL WEATHER SERVICE BALTIMORE MD/WASHINGTON DC
121 AM EDT MON APR 27 2015


...................................

...THE BALTIMORE MD CLIMATE SUMMARY FOR APRIL 26 2015...

CLIMATE NORMAL PERIOD 1981 TO 2010
CLIMATE RECORD PERIOD 1870 TO 2015


WEATHER ITEM   OBSERVED TIME   RECORD YEAR NORMAL DEPARTURE LAST
                VALUE   (LST)  VALUE       VALUE  FROM      YEAR
                                                  NORMAL
..................................................................
TEMPERATURE (F)
 YESTERDAY
  MAXIMUM         65    314 PM  92    1990  68     -3       76
  MINIMUM         41   1059 PM  32    2001  46     -5       49
  AVERAGE         53                        57     -4       63

PRECIPITATION (IN)
  YESTERDAY        0.00          3.74 1937   0.11  -0.11      T
  MONTH TO DATE    3.97                      2.77   1.20     3.98
  SINCE MAR 1      8.64                      6.67   1.97     8.36
  SINCE JAN 1     14.77                     12.62   2.15    15.65

SNOWFALL (IN)
  YESTERDAY        0.0           T    1919   0.0    0.0
  MONTH TO DATE    0.0                       0.0    0.0
  SINCE JUL 1     28.7                      20.1    8.6
  SNOW DEPTH       0

DEGREE DAYS
 HEATING
  YESTERDAY       12                         9      3        2
  MONTH TO DATE  278                       322    -44      315
  SINCE MAR 1   1055                       988     67     1128
  SINCE JUL 1   4870                      4583    287     4885

 COOLING
  YESTERDAY        0                         1     -1        0
  MONTH TO DATE    5                         8     -3        7
  SINCE MAR 1      5                         9     -4        7
  SINCE JAN 1      5                         9     -4        7
..................................................................


WIND (MPH)
  HIGHEST WIND SPEED    15   HIGHEST WIND DIRECTION    NW (310)
  HIGHEST GUST SPEED    24   HIGHEST GUST DIRECTION     N (360)
  AVERAGE WIND SPEED     4.7


SKY COVER
  POSSIBLE SUNSHINE  MM
  AVERAGE SKY COVER 0.5


WEATHER CONDITIONS
 THE FOLLOWING WEATHER WAS RECORDED YESTERDAY.
  NO SIGNIFICANT WEATHER WAS OBSERVED.


RELATIVE HUMIDITY (PERCENT)
 HIGHEST    89           100 AM
 LOWEST     27           400 PM
 AVERAGE    58

..........................................................


THE BALTIMORE MD CLIMATE NORMALS FOR TODAY
                         NORMAL    RECORD    YEAR
 MAXIMUM TEMPERATURE (F)   69        92      1994
 MINIMUM TEMPERATURE (F)   46        35      2001


SUNRISE AND SUNSET
APRIL 27 2015.........SUNRISE   614 AM EDT   SUNSET   756 PM EDT
APRIL 28 2015.........SUNRISE   612 AM EDT   SUNSET   757 PM EDT


-  INDICATES NEGATIVE NUMBERS.
R  INDICATES RECORD WAS SET OR TIED.
MM INDICATES DATA IS MISSING.
T  INDICATES TRACE AMOUNT.




$$
