000
CDUS45 KRIW 250736
CLIBYG


CLIMATE REPORT
NATIONAL WEATHER SERVICE RIVERTON WY
134 AM MDT SAT APR 25 2015


...................................

...THE BUFFALO WY CLIMATE SUMMARY FOR APRIL 24 2015...

CLIMATE NORMAL PERIOD 1981 TO 2010
CLIMATE RECORD PERIOD 1998 TO 2015


WEATHER ITEM   OBSERVED TIME   RECORD YEAR NORMAL DEPARTURE LAST
                VALUE   (LST)  VALUE       VALUE  FROM      YEAR
                                                  NORMAL
..................................................................
TEMPERATURE (F)
 YESTERDAY
  MAXIMUM         67    349 PM  80    2012  57     10       60
  MINIMUM         41    527 AM  23    2002  35      6       32
  AVERAGE         54                        46      8       46

PRECIPITATION (IN)
  YESTERDAY        0.09          0.22 2003   0.05   0.04     0.00
                                      2000
  MONTH TO DATE    0.29                      0.84  -0.55     0.59
  SINCE MAR 1      0.37                      1.76  -1.39     1.20
  SINCE JAN 1      1.01                      2.53  -1.52     1.56

DEGREE DAYS
 HEATING
  YESTERDAY       11                        19     -8       19
  MONTH TO DATE  475                       546    -71      537
  SINCE MAR 1   1148                      1496   -348     1533
  SINCE JUL 1   5844                      6736   -892     6777

 COOLING
  YESTERDAY        0                         0      0        0
  MONTH TO DATE    0                         0      0        0
  SINCE MAR 1      0                         0      0        0
  SINCE JAN 1      0                         0      0        0
..................................................................


WIND (MPH)
  HIGHEST WIND SPEED    26   HIGHEST WIND DIRECTION     S (200)
  HIGHEST GUST SPEED    33   HIGHEST GUST DIRECTION     S (200)
  AVERAGE WIND SPEED     7.9


SKY COVER
  POSSIBLE SUNSHINE  MM
  AVERAGE SKY COVER 0.4


WEATHER CONDITIONS
 THE FOLLOWING WEATHER WAS RECORDED YESTERDAY.
  LIGHT RAIN


RELATIVE HUMIDITY (PERCENT)
 HIGHEST    76          1200 AM
 LOWEST     30           400 PM
 AVERAGE    53

..........................................................


THE BUFFALO WY CLIMATE NORMALS FOR TODAY
                         NORMAL    RECORD    YEAR
 MAXIMUM TEMPERATURE (F)   57        74      2012
 MINIMUM TEMPERATURE (F)   36        19      2008


SUNRISE AND SUNSET
APRIL 25 2015.........SUNRISE   607 AM MDT   SUNSET   804 PM MDT
APRIL 26 2015.........SUNRISE   605 AM MDT   SUNSET   805 PM MDT


-  INDICATES NEGATIVE NUMBERS.
R  INDICATES RECORD WAS SET OR TIED.
MM INDICATES DATA IS MISSING.
T  INDICATES TRACE AMOUNT.




$$
