000
CDUS45 KRIW 010739
CLIBYG


CLIMATE REPORT
NATIONAL WEATHER SERVICE RIVERTON WY
128 AM MDT WED APR 1 2015


...................................

...THE BUFFALO WY CLIMATE SUMMARY FOR MARCH 31 2015...

CLIMATE NORMAL PERIOD 1981 TO 2010
CLIMATE RECORD PERIOD 1998 TO 2015


WEATHER ITEM   OBSERVED TIME   RECORD YEAR NORMAL DEPARTURE LAST
                VALUE   (LST)  VALUE       VALUE  FROM      YEAR
                                                  NORMAL
..................................................................
TEMPERATURE (F)
 YESTERDAY
  MAXIMUM         75    411 PM  77    2012  50     25       32
                                      2004
  MINIMUM         44    141 AM   9    2009  27     17       21
  AVERAGE         60                        38     22       27

PRECIPITATION (IN)
  YESTERDAY        0.00          0.39 2010   0.04  -0.04      T
  MONTH TO DATE    0.08                      0.92  -0.84     0.61
  SINCE MAR 1      0.08                      0.92  -0.84     0.61
  SINCE JAN 1      0.72                      1.69  -0.97     0.97

DEGREE DAYS
 HEATING
  YESTERDAY        5                        27    -22       38
  MONTH TO DATE  673                       951   -278      996
  SINCE MAR 1    673                       950   -277      996
  SINCE JUL 1   5369                      6190   -821     6240

 COOLING
  YESTERDAY        0                         0      0        0
  MONTH TO DATE    0                         0      0        0
  SINCE MAR 1      0                         0      0        0
  SINCE JAN 1      0                         0      0        0
..................................................................


WIND (MPH)
  HIGHEST WIND SPEED    20   HIGHEST WIND DIRECTION     S (180)
  HIGHEST GUST SPEED    28   HIGHEST GUST DIRECTION     S (190)
  AVERAGE WIND SPEED     8.2


SKY COVER
  POSSIBLE SUNSHINE  MM
  AVERAGE SKY COVER 0.0


WEATHER CONDITIONS
 THE FOLLOWING WEATHER WAS RECORDED YESTERDAY.
  NO SIGNIFICANT WEATHER WAS OBSERVED.


RELATIVE HUMIDITY (PERCENT)
 HIGHEST    37          1200 AM
 LOWEST     10           100 PM
 AVERAGE    24

..........................................................


THE BUFFALO WY CLIMATE NORMALS FOR TODAY
                         NORMAL    RECORD    YEAR
 MAXIMUM TEMPERATURE (F)   50        72      2012
 MINIMUM TEMPERATURE (F)   27         6      2008


SUNRISE AND SUNSET
APRIL  1 2015.........SUNRISE   648 AM MDT   SUNSET   734 PM MDT
APRIL  2 2015.........SUNRISE   646 AM MDT   SUNSET   735 PM MDT


-  INDICATES NEGATIVE NUMBERS.
R  INDICATES RECORD WAS SET OR TIED.
MM INDICATES DATA IS MISSING.
T  INDICATES TRACE AMOUNT.




$$
