000
CDUS45 KPIH 190732
CLIBYI


CLIMATE REPORT
NATIONAL WEATHER SERVICE POCATELLO ID
132 AM MDT SUN APR 19 2015


...................................

...THE BURLEY ID CLIMATE SUMMARY FOR APRIL 18 2015...

CLIMATE NORMAL PERIOD 1981 TO 2010
CLIMATE RECORD PERIOD 1948 TO 2015


WEATHER ITEM   OBSERVED TIME   RECORD YEAR NORMAL DEPARTURE LAST
                VALUE   (LST)  VALUE       VALUE  FROM      YEAR
                                                  NORMAL
..................................................................
TEMPERATURE (F)
 YESTERDAY
  MAXIMUM         69    400 PM  88    1994  59     10       59
  MINIMUM         35    446 AM  18    2013  34      1       38
  AVERAGE         52                        46      6       49

PRECIPITATION (IN)
  YESTERDAY        0.00          0.56 1957   0.04  -0.04     0.11
  MONTH TO DATE    0.14                      0.58  -0.44     0.51
  SINCE OCT 1      3.49                      6.12  -2.63     4.44
  SINCE JAN 1      1.44                      3.29  -1.85     3.83

SNOWFALL (IN)
  YESTERDAY       MM
  MONTH TO DATE    0.0
  SINCE MAR 1      0.0
  SINCE JUL 1      0.0
  SNOW DEPTH      MM

DEGREE DAYS
 HEATING
  YESTERDAY       13                        19     -6       16
  MONTH TO DATE  355                       366    -11      323
  SINCE MAR 1    951                      1163   -212     1018
  SINCE JUL 1   4928                      6185  -1257     5713

 COOLING
  YESTERDAY        0                         0      0        0
  MONTH TO DATE    0                         0      0        0
  SINCE MAR 1      0                         0      0        0
  SINCE JAN 1      0                         0      0        0
..................................................................


WIND (MPH)
  HIGHEST WIND SPEED    24   HIGHEST WIND DIRECTION    SW (240)
  HIGHEST GUST SPEED    35   HIGHEST GUST DIRECTION    SW (230)
  AVERAGE WIND SPEED    10.2


SKY COVER
  POSSIBLE SUNSHINE  MM
  AVERAGE SKY COVER 0.0


WEATHER CONDITIONS
 THE FOLLOWING WEATHER WAS RECORDED YESTERDAY.
  NO SIGNIFICANT WEATHER WAS OBSERVED.


RELATIVE HUMIDITY (PERCENT)
 HIGHEST    70           500 AM
 LOWEST     20           400 PM
 AVERAGE    45

..........................................................


THE BURLEY ID CLIMATE NORMALS FOR TODAY
                         NORMAL    RECORD    YEAR
 MAXIMUM TEMPERATURE (F)   59        85      1994
 MINIMUM TEMPERATURE (F)   34        18      1982


SUNRISE AND SUNSET
APRIL 19 2015.........SUNRISE   648 AM MDT   SUNSET   821 PM MDT
APRIL 20 2015.........SUNRISE   646 AM MDT   SUNSET   822 PM MDT


-  INDICATES NEGATIVE NUMBERS.
R  INDICATES RECORD WAS SET OR TIED.
MM INDICATES DATA IS MISSING.
T  INDICATES TRACE AMOUNT.




$$
