000
CDUS42 KCAE 040706
CLICAE


CLIMATE REPORT
NATIONAL WEATHER SERVICE COLUMBIA SC
305 AM EDT MON MAY 4 2015


...................................

...THE COLUMBIA METRO AIRPORT SC CLIMATE SUMMARY FOR MAY 3 2015...

CLIMATE NORMAL PERIOD 1981 TO 2010
CLIMATE RECORD PERIOD 1887 TO 2015


WEATHER ITEM   OBSERVED TIME   RECORD YEAR NORMAL DEPARTURE LAST
                VALUE   (LST)  VALUE       VALUE  FROM      YEAR
                                                  NORMAL
..................................................................
TEMPERATURE (F)
 YESTERDAY
  MAXIMUM         82    242 PM  95    1959  81      1       79
  MINIMUM         50    541 AM  37    1981  55     -5       52
  AVERAGE         66                        68     -2       66

PRECIPITATION (IN)
  YESTERDAY        0.00          1.36 1975   0.09  -0.09     0.00
  MONTH TO DATE    T                         0.28  -0.28     0.02
  SINCE MAR 1      6.81                      6.63   0.18     6.94
  SINCE JAN 1     14.17                     13.82   0.35    13.26

SNOWFALL (IN)
  YESTERDAY        0.0          MM      MM   0.0             0.0
  MONTH TO DATE    0.0                       0.0             0.0
  SINCE MAR 1      0.0                       0.1             0.0
  SINCE JUL 1      T                         1.5             4.2

DEGREE DAYS
 HEATING
  YESTERDAY        0                         1     -1        0
  MONTH TO DATE    6                         5      1        2
  SINCE MAR 1    274                       437   -163      468
  SINCE JUL 1   2463                      2536    -73     2552

 COOLING
  YESTERDAY        1                         4     -3        1
  MONTH TO DATE    1                        12    -11        5
  SINCE MAR 1    144                       103     41      106
  SINCE JAN 1    144                       107     37      113
..................................................................


WIND (MPH)
  HIGHEST WIND SPEED     9   HIGHEST WIND DIRECTION    SE (140)
  HIGHEST GUST SPEED    13   HIGHEST GUST DIRECTION    SW (230)
  AVERAGE WIND SPEED     2.3


SKY COVER
  AVERAGE SKY COVER 0.3


WEATHER CONDITIONS
 THE FOLLOWING WEATHER WAS RECORDED YESTERDAY.
  NO SIGNIFICANT WEATHER WAS OBSERVED.


RELATIVE HUMIDITY (PERCENT)
 HIGHEST    86           500 AM
 LOWEST     30          1200 PM
 AVERAGE    58

..........................................................


THE COLUMBIA METRO AIRPORT SC CLIMATE NORMALS FOR TODAY
                         NORMAL    RECORD    YEAR
 MAXIMUM TEMPERATURE (F)   81        93      1959
                                             1950
                                             1913
 MINIMUM TEMPERATURE (F)   56        36      1986
                                             1971


SUNRISE AND SUNSET
MAY  4 2015...........SUNRISE   633 AM EDT   SUNSET   810 PM EDT
MAY  5 2015...........SUNRISE   632 AM EDT   SUNSET   811 PM EDT


-  INDICATES NEGATIVE NUMBERS.
R  INDICATES RECORD WAS SET OR TIED.
MM INDICATES DATA IS MISSING.
T  INDICATES TRACE AMOUNT.




$$
