000
CDUS46 KEKA 020024
CLICEC


CLIMATE REPORT
NATIONAL WEATHER SERVICE EUREKA CA
512 PM PDT WED APR 1 2015


...................................

...THE CRESCENT CITY CA CLIMATE SUMMARY FOR APRIL 1 2015...
VALID TODAY AS OF 0500 PM LOCAL TIME.

CLIMATE NORMAL PERIOD 1981 TO 2010
CLIMATE RECORD PERIOD 1894 TO 2015


WEATHER ITEM   OBSERVED TIME   RECORD YEAR NORMAL DEPARTURE LAST
                VALUE   (LST)  VALUE       VALUE  FROM      YEAR
                                                  NORMAL
..................................................................
TEMPERATURE (F)
 TODAY
  MAXIMUM         57   1231 PM  74    1992  55      2       56
  MINIMUM         41    641 AM  30    1997  43     -2       41
  AVERAGE         49                        49      0       49

PRECIPITATION (IN)
  TODAY            0.00          1.81 1993   0.22  -0.22     0.02
  MONTH TO DATE    0.00                      0.22  -0.22     0.02
  SINCE OCT 1     35.97                     52.59 -16.62    22.91
  SINCE JAN 1     15.14                     27.35 -12.21    18.97

SNOWFALL (IN)
  TODAY            0.0          MM      MM  MM     MM       MM
  MONTH TO DATE    0.0                      MM     MM       MM
  SINCE MAR 1      0.0                      MM     MM        0.0
  SINCE JUL 1      0.0                      MM     MM        0.0
  SNOW DEPTH       0

..................................................................


WIND (MPH)
  HIGHEST WIND SPEED    29   HIGHEST WIND DIRECTION    NW (330)
  HIGHEST GUST SPEED    39   HIGHEST GUST DIRECTION    NW (330)
  AVERAGE WIND SPEED    12.2


SKY COVER
  AVERAGE SKY COVER 0.1


WEATHER CONDITIONS
 THE FOLLOWING WEATHER WAS RECORDED TODAY.
  NO SIGNIFICANT WEATHER WAS OBSERVED.


RELATIVE HUMIDITY (PERCENT)
 HIGHEST    89
 LOWEST     63
 AVERAGE    76

..........................................................


THE CRESCENT CITY CA CLIMATE NORMALS FOR TOMORROW
                         NORMAL    RECORD    YEAR
 MAXIMUM TEMPERATURE (F)   55        72      1992
 MINIMUM TEMPERATURE (F)   43        33      1986


SUNRISE AND SUNSET
APRIL  1 2015.........SUNRISE   700 AM PDT   SUNSET   742 PM PDT
APRIL  2 2015.........SUNRISE   658 AM PDT   SUNSET   743 PM PDT


-  INDICATES NEGATIVE NUMBERS.
R  INDICATES RECORD WAS SET OR TIED.
MM INDICATES DATA IS MISSING.
T  INDICATES TRACE AMOUNT.




$$
