000
CDUS46 KEKA 261211
CLICEC


CLIMATE REPORT
NATIONAL WEATHER SERVICE EUREKA CA
511 AM PDT SUN APR 26 2015


...................................

...THE CRESCENT CITY CA CLIMATE SUMMARY FOR APRIL 25 2015...

CLIMATE NORMAL PERIOD 1981 TO 2010
CLIMATE RECORD PERIOD 1894 TO 2015


WEATHER ITEM   OBSERVED TIME   RECORD YEAR NORMAL DEPARTURE LAST
                VALUE   (LST)  VALUE       VALUE  FROM      YEAR
                                                  NORMAL
..................................................................
TEMPERATURE (F)
 YESTERDAY
  MAXIMUM         57    312 PM  70    1979  55      2       55
  MINIMUM         46    602 AM  34    1985  45      1       43
  AVERAGE         52                        50      2       49

PRECIPITATION (IN)
  YESTERDAY        0.00          1.14 2003   0.14  -0.14     0.10
  MONTH TO DATE    5.23                      4.60   0.63     2.18
  SINCE OCT 1     41.20                     56.97 -15.77    25.07
  SINCE JAN 1     20.37                     31.73 -11.36    21.13

SNOWFALL (IN)
  YESTERDAY       MM            MM      MM  MM     MM       MM
  MONTH TO DATE    0.0                      MM     MM        0.0
  SINCE MAR 1      0.0                      MM     MM        0.0
  SINCE JUL 1      0.0                      MM     MM        0.0
  SNOW DEPTH       0

DEGREE DAYS
 HEATING
  YESTERDAY       13                        15     -2       16
  MONTH TO DATE  389                       395     -6      365
  SINCE MAR 1    815                       908    -93      796
  SINCE JUL 1   3036                      4081  -1045     3962

 COOLING
  YESTERDAY        0                         0      0        0
  MONTH TO DATE    0                         0      0        0
  SINCE MAR 1      0                         0      0        0
  SINCE JAN 1      0                         0      0        0
..................................................................


WIND (MPH)
  HIGHEST WIND SPEED    13   HIGHEST WIND DIRECTION     W (280)
  HIGHEST GUST SPEED    16   HIGHEST GUST DIRECTION     W (280)
  AVERAGE WIND SPEED     4.3


SKY COVER
  AVERAGE SKY COVER 0.5


WEATHER CONDITIONS
 THE FOLLOWING WEATHER WAS RECORDED YESTERDAY.
  FOG
  HAZE


RELATIVE HUMIDITY (PERCENT)
 HIGHEST    93
 LOWEST     72
 AVERAGE    83

..........................................................


THE CRESCENT CITY CA CLIMATE NORMALS FOR TODAY
                         NORMAL    RECORD    YEAR
 MAXIMUM TEMPERATURE (F)   55        70      2004
 MINIMUM TEMPERATURE (F)   45        34      1984


SUNRISE AND SUNSET
APRIL 26 2015.........SUNRISE   620 AM PDT   SUNSET   810 PM PDT
APRIL 27 2015.........SUNRISE   619 AM PDT   SUNSET   811 PM PDT


-  INDICATES NEGATIVE NUMBERS.
R  INDICATES RECORD WAS SET OR TIED.
MM INDICATES DATA IS MISSING.
T  INDICATES TRACE AMOUNT.




$$
