000
CDUS44 KMRX 032113
CLICHA

CLIMATE REPORT
NATIONAL WEATHER SERVICE MORRISTOWN TN
513 PM EDT SUN MAY 3 2015


...................................

...THE CHATTANOOGA CLIMATE SUMMARY FOR MAY 3 2015...
VALID TODAY AS OF 0500 PM LOCAL TIME.

CLIMATE NORMAL PERIOD 1981 TO 2010
CLIMATE RECORD PERIOD 1879 TO 2015


WEATHER ITEM   OBSERVED TIME   RECORD YEAR NORMAL DEPARTURE LAST
                VALUE   (LST)  VALUE       VALUE  FROM      YEAR
                                                  NORMAL
..................................................................
TEMPERATURE (F)
 TODAY
  MAXIMUM         80    359 PM  91    1899  77      3       78
  MINIMUM         50    600 AM  38    1971  53     -3       46
  AVERAGE         65                        65      0       62

PRECIPITATION (IN)
  TODAY            0.00          1.87 1893   0.14  -0.14     0.00
  MONTH TO DATE    0.00                      0.43  -0.43     0.00
  SINCE MAR 1     13.48                      9.40   4.08     7.85
  SINCE JAN 1     20.47                     19.15   1.32    15.44

SNOWFALL (IN)
  TODAY            0.0                       0.0    0.0      0.0
  MONTH TO DATE    0.0                       0.0    0.0      0.0
  SINCE MAR 1      0.0                       1.3   -1.3       T
  SINCE JUL 1      9.5                       3.9    5.6      8.4
  SNOW DEPTH       0

DEGREE DAYS
 HEATING
  TODAY            0                         2     -2        3
  MONTH TO DATE   10                         8      2       13
  SINCE MAR 1    425                       586   -161      568
  SINCE JUL 1   3258                      3208     50     3362

 COOLING
  TODAY            0                         3     -3        0
  MONTH TO DATE    0                         7     -7        0
  SINCE MAR 1     47                        53     -6       38
  SINCE JAN 1     47                        53     -6       38
..................................................................


WIND (MPH)
  HIGHEST WIND SPEED    14   HIGHEST WIND DIRECTION    SW (210)
  HIGHEST GUST SPEED    17   HIGHEST GUST DIRECTION    SE (120)
  AVERAGE WIND SPEED     2.9


SKY COVER
  POSSIBLE SUNSHINE  MM
  AVERAGE SKY COVER 0.2


WEATHER CONDITIONS
 THE FOLLOWING WEATHER WAS RECORDED TODAY.
  NO SIGNIFICANT WEATHER WAS OBSERVED.


RELATIVE HUMIDITY (PERCENT)
 HIGHEST    93           600 AM
 LOWEST     32           200 PM
 AVERAGE    63

..........................................................


THE CHATTANOOGA CLIMATE NORMALS FOR TOMORROW
                         NORMAL    RECORD    YEAR
 MAXIMUM TEMPERATURE (F)   77        92      1902
 MINIMUM TEMPERATURE (F)   54        34      1971


SUNRISE AND SUNSET
MAY  3 2015...........SUNRISE   648 AM EDT   SUNSET   828 PM EDT
MAY  4 2015...........SUNRISE   647 AM EDT   SUNSET   829 PM EDT


-  INDICATES NEGATIVE NUMBERS.
R  INDICATES RECORD WAS SET OR TIED.
MM INDICATES DATA IS MISSING.
T  INDICATES TRACE AMOUNT.




$$
