000
CDUS42 KCHS 242120
CLICHS


CLIMATE REPORT
NATIONAL WEATHER SERVICE CHARLESTON SC
520 PM EDT FRI APR 24 2015


...................................

...THE NORTH CHARLESTON SC CLIMATE SUMMARY FOR APRIL 24 2015...
VALID TODAY AS OF 0500 PM LOCAL TIME.

CLIMATE NORMAL PERIOD 1981 TO 2010
CLIMATE RECORD PERIOD 1938 TO 2015


WEATHER ITEM   OBSERVED TIME   RECORD YEAR NORMAL DEPARTURE LAST
                VALUE   (LST)  VALUE       VALUE  FROM      YEAR
                                                  NORMAL
..................................................................
TEMPERATURE (F)
 TODAY
  MAXIMUM         73    247 PM  91    1958  78     -5       78
  MINIMUM         55    617 AM  35    1982  55      0       56
  AVERAGE         64                        67     -3       67

PRECIPITATION (IN)
  TODAY            0.00          0.81 1943   0.10  -0.10     0.00
  MONTH TO DATE    1.99                      2.35  -0.36     4.90
  SINCE MAR 1      4.25                      6.06  -1.81     9.83
  SINCE JAN 1     12.18                     12.73  -0.55    14.68

SNOWFALL (IN)
  TODAY            0.0                       0.0    0.0
  SINCE MAR 1      0.0                       0.0    0.0
  SINCE JUL 1      T                         0.5   -0.5

DEGREE DAYS
 HEATING
  TODAY            1                         2     -1        0
  MONTH TO DATE   15                        80    -65       38
  SINCE MAR 1    198                       319   -121      352
  SINCE JUL 1   1935                      1955    -20     1875

 COOLING
  TODAY            0                         4     -4        2
  MONTH TO DATE  116                        60     56       81
  SINCE MAR 1    149                        87     62       90
  SINCE JAN 1    153                        94     59      100
..................................................................


WIND (MPH)
  HIGHEST WIND SPEED    20   HIGHEST WIND DIRECTION    NE (30)
  HIGHEST GUST SPEED    25   HIGHEST GUST DIRECTION    NE (50)
  AVERAGE WIND SPEED     9.3


SKY COVER
  POSSIBLE SUNSHINE  MM
  AVERAGE SKY COVER 0.1


WEATHER CONDITIONS
 THE FOLLOWING WEATHER WAS RECORDED TODAY.
  NO SIGNIFICANT WEATHER WAS OBSERVED.


RELATIVE HUMIDITY (PERCENT)
 HIGHEST    58          1200 AM
 LOWEST     21          1200 PM
 AVERAGE    40

..........................................................


THE NORTH CHARLESTON SC CLIMATE NORMALS FOR TOMORROW
                         NORMAL    RECORD    YEAR
 MAXIMUM TEMPERATURE (F)   79        92      1958
 MINIMUM TEMPERATURE (F)   56        37      1974


SUNRISE AND SUNSET
APRIL 24 2015.........SUNRISE   640 AM EDT   SUNSET   757 PM EDT
APRIL 25 2015.........SUNRISE   639 AM EDT   SUNSET   757 PM EDT


-  INDICATES NEGATIVE NUMBERS.
R  INDICATES RECORD WAS SET OR TIED.
MM INDICATES DATA IS MISSING.
T  INDICATES TRACE AMOUNT.




$$
