000
CDUS42 KGSP 042041
CLICLT

CLIMATE REPORT
NATIONAL WEATHER SERVICE GREENVILLE-SPARTANBURG SC
441 PM EDT MON MAY 4 2015


...................................

...THE CHARLOTTE NC CLIMATE SUMMARY FOR MAY 4 2015...
VALID TODAY AS OF 0440 PM LOCAL TIME.

CLIMATE NORMAL PERIOD 1981 TO 2010
CLIMATE RECORD PERIOD 1878 TO 2015


WEATHER ITEM   OBSERVED TIME   RECORD YEAR NORMAL DEPARTURE LAST
                VALUE   (LST)  VALUE       VALUE  FROM      YEAR
                                                  NORMAL
..................................................................
TEMPERATURE (F)
 TODAY
  MAXIMUM         83    211 PM  92    1959  76      7       85
                                      1938
                                      1928
  MINIMUM         55    610 AM  34    1971  52      3       47
  AVERAGE         69                        64      5       66

PRECIPITATION (IN)
  TODAY            0.00          1.62 1890   0.10  -0.10     0.00
  MONTH TO DATE    0.00                      0.39  -0.39     0.00
  SINCE MAR 1      8.33                      7.44   0.89    11.82
  SINCE JAN 1     14.15                     14.17  -0.02    18.74

SNOWFALL (IN)
  TODAY            0.0           0.0    MM   0.0    0.0      0.0
  MONTH TO DATE    0.0                       0.0    0.0      0.0
  SINCE MAR 1      0.0                       0.6   -0.6       T
  SINCE JUL 1      3.1                       4.3   -1.2      9.3
  SNOW DEPTH       0

DEGREE DAYS
 HEATING
  TODAY            0                         3     -3        0
  MONTH TO DATE   14                        13      1       11
  SINCE MAR 1    482                       646   -164      697
  SINCE JUL 1   3253                      3345    -92     3373

 COOLING
  TODAY            4                         2      2        1
  MONTH TO DATE    4                         8     -4        2
  SINCE MAR 1     67                        45     22       40
  SINCE JAN 1     67                        45     22       41
..................................................................


WIND (MPH)
  HIGHEST WIND SPEED    13   HIGHEST WIND DIRECTION    SW (220)
  HIGHEST GUST SPEED    17   HIGHEST GUST DIRECTION     S (190)
  AVERAGE WIND SPEED     6.5


SKY COVER
  POSSIBLE SUNSHINE  MM
  AVERAGE SKY COVER 0.2


WEATHER CONDITIONS
 THE FOLLOWING WEATHER WAS RECORDED TODAY.
  NO SIGNIFICANT WEATHER WAS OBSERVED.


RELATIVE HUMIDITY (PERCENT)
 HIGHEST    83           500 AM
 LOWEST     31           200 PM
 AVERAGE    57

..........................................................


THE CHARLOTTE NC CLIMATE NORMALS FOR TOMORROW
                         NORMAL    RECORD    YEAR
 MAXIMUM TEMPERATURE (F)   76        91      1955
                                             1913
 MINIMUM TEMPERATURE (F)   52        36      2011


SUNRISE AND SUNSET
MAY  4 2015...........SUNRISE   630 AM EDT   SUNSET   812 PM EDT
MAY  5 2015...........SUNRISE   629 AM EDT   SUNSET   813 PM EDT


-  INDICATES NEGATIVE NUMBERS.
R  INDICATES RECORD WAS SET OR TIED.
MM INDICATES DATA IS MISSING.
T  INDICATES TRACE AMOUNT.

$$

OUTLAW
