000
CDUS41 KILN 020641
CLICMH


CLIMATE REPORT
NATIONAL WEATHER SERVICE WILMINGTON OH
241 AM EDT THU APR 2 2015


...................................

...THE COLUMBUS OH CLIMATE SUMMARY FOR APRIL 1 2015...

CLIMATE NORMAL PERIOD 1981 TO 2010
CLIMATE RECORD PERIOD 1869 TO 2015


WEATHER ITEM   OBSERVED TIME   RECORD YEAR NORMAL DEPARTURE LAST
                VALUE   (LST)  VALUE       VALUE  FROM      YEAR
                                                  NORMAL
..................................................................
TEMPERATURE (F)
 YESTERDAY
  MAXIMUM         63    424 PM  81    2010  58      5       76
  MINIMUM         29    602 AM  15    1923  38     -9       49
  AVERAGE         46                        48     -2       63

PRECIPITATION (IN)
  YESTERDAY        0.00          1.23 1970   0.12  -0.12     0.02
  MONTH TO DATE    0.00                      0.12  -0.12     0.02
  SINCE MAR 1      3.92                      3.14   0.78     2.61
  SINCE JAN 1      8.49                      8.12   0.37     7.40

SNOWFALL (IN)
  YESTERDAY        0.0           1.5  1961   0.1   -0.1      0.0
  MONTH TO DATE    0.0                       0.1   -0.1      0.0
  SINCE MAR 1      5.4                       4.3    1.1      4.5
  SINCE JUL 1     33.4                      25.7    7.7     55.5
  SNOW DEPTH       0

DEGREE DAYS
 HEATING
  YESTERDAY       19                        17      2        2
  MONTH TO DATE   19                        17      2        2
  SINCE MAR 1    853                       733    120      839
  SINCE JUL 1   5407                      4728    679     5223

 COOLING
  YESTERDAY        0                         0      0        0
  MONTH TO DATE    0                         0      0        0
  SINCE MAR 1      0                         0      0        0
  SINCE JAN 1      0                         0      0        0
..................................................................


WIND (MPH)
  RESULTANT WIND SPEED   4   RESULTANT WIND DIRECTION   S (170)
  HIGHEST WIND SPEED    12   HIGHEST WIND DIRECTION     S (180)
  HIGHEST GUST SPEED    16   HIGHEST GUST DIRECTION     S (170)
  AVERAGE WIND SPEED     4.8


SKY COVER
  POSSIBLE SUNSHINE  MM
  AVERAGE SKY COVER 0.1


WEATHER CONDITIONS
 THE FOLLOWING WEATHER WAS RECORDED YESTERDAY.
  NO SIGNIFICANT WEATHER WAS OBSERVED.


RELATIVE HUMIDITY (PERCENT)
 HIGHEST   100           500 AM
 LOWEST     33           700 PM
 AVERAGE    67

..........................................................


THE COLUMBUS OH CLIMATE NORMALS FOR TODAY
                         NORMAL    RECORD    YEAR
 MAXIMUM TEMPERATURE (F)   58        84      2010
 MINIMUM TEMPERATURE (F)   38        20      1907


SUNRISE AND SUNSET
APRIL  2 2015.........SUNRISE   714 AM EDT   SUNSET   757 PM EDT
APRIL  3 2015.........SUNRISE   713 AM EDT   SUNSET   758 PM EDT


-  INDICATES NEGATIVE NUMBERS.
R  INDICATES RECORD WAS SET OR TIED.
MM INDICATES DATA IS MISSING.
T  INDICATES TRACE AMOUNT.




$$
