000
CDUS41 KILN 190559
CLICMH


CLIMATE REPORT
NATIONAL WEATHER SERVICE WILMINGTON OH
159 AM EDT SUN APR 19 2015


...................................

...THE COLUMBUS OH CLIMATE SUMMARY FOR APRIL 18 2015...

CLIMATE NORMAL PERIOD 1981 TO 2010
CLIMATE RECORD PERIOD 1869 TO 2015


WEATHER ITEM   OBSERVED TIME   RECORD YEAR NORMAL DEPARTURE LAST
                VALUE   (LST)  VALUE       VALUE  FROM      YEAR
                                                  NORMAL
..................................................................
TEMPERATURE (F)
 YESTERDAY
  MAXIMUM         79    222 PM  89    1896  65     14       71
  MINIMUM         46    543 AM  22    1953  43      3       44
  AVERAGE         63                        54      9       58

PRECIPITATION (IN)
  YESTERDAY        0.00          1.61 1885   0.11  -0.11     0.00
  MONTH TO DATE    2.69                      2.03   0.66     2.68
  SINCE MAR 1      6.61                      5.05   1.56     5.27
  SINCE JAN 1     11.18                     10.03   1.15    10.06

SNOWFALL (IN)
  YESTERDAY        0.0           4.1  1953   0.1   -0.1      0.0
  MONTH TO DATE    0.0                       1.0   -1.0      0.9
  SINCE MAR 1      5.4                       5.2    0.2      5.4
  SINCE JUL 1     33.4                      26.6    6.8     56.4
  SNOW DEPTH       0

DEGREE DAYS
 HEATING
  YESTERDAY        2                        11     -9        7
  MONTH TO DATE  164                       257    -93      211
  SINCE MAR 1    998                       973     25     1048
  SINCE JUL 1   5552                      4968    584     5432

 COOLING
  YESTERDAY        0                         0      0        0
  MONTH TO DATE    0                         0      0        6
  SINCE MAR 1      0                         0      0        6
  SINCE JAN 1      0                         0      0        6
..................................................................


WIND (MPH)
  RESULTANT WIND SPEED   4   RESULTANT WIND DIRECTION  NE (60)
  HIGHEST WIND SPEED    16   HIGHEST WIND DIRECTION    NE (60)
  HIGHEST GUST SPEED    22   HIGHEST GUST DIRECTION    NE (60)
  AVERAGE WIND SPEED     5.2


SKY COVER
  POSSIBLE SUNSHINE  MM
  AVERAGE SKY COVER 0.6


WEATHER CONDITIONS
 THE FOLLOWING WEATHER WAS RECORDED YESTERDAY.
  NO SIGNIFICANT WEATHER WAS OBSERVED.


RELATIVE HUMIDITY (PERCENT)
 HIGHEST    86           400 AM
 LOWEST     29           400 PM
 AVERAGE    58

..........................................................


THE COLUMBUS OH CLIMATE NORMALS FOR TODAY
                         NORMAL    RECORD    YEAR
 MAXIMUM TEMPERATURE (F)   65        85      2002
                                             1958
 MINIMUM TEMPERATURE (F)   44        21      1953


SUNRISE AND SUNSET
APRIL 19 2015.........SUNRISE   648 AM EDT   SUNSET   814 PM EDT
APRIL 20 2015.........SUNRISE   647 AM EDT   SUNSET   815 PM EDT


-  INDICATES NEGATIVE NUMBERS.
R  INDICATES RECORD WAS SET OR TIED.
MM INDICATES DATA IS MISSING.
T  INDICATES TRACE AMOUNT.




$$
