000
CDUS43 KTOP 012143
CLICNK


CLIMATE REPORT
NATIONAL WEATHER SERVICE TOPEKA KS
442 PM CDT WED APR 1 2015


...................................

...THE CONCORDIA KS CLIMATE SUMMARY FOR APRIL 1 2015...
VALID TODAY AS OF 4300 PM LOCAL TIME.

CLIMATE NORMAL PERIOD 1981 TO 2010
CLIMATE RECORD PERIOD 1885 TO 2015


WEATHER ITEM   OBSERVED TIME   RECORD YEAR NORMAL DEPARTURE LAST
                VALUE   (LST)  VALUE       VALUE  FROM      YEAR
                                                  NORMAL
..................................................................
TEMPERATURE (F)
 TODAY
  MAXIMUM         84    314 PM  90    1940  61     23       53
  MINIMUM         54    648 AM  19    1972  36     18       24
                                      1936
  AVERAGE         69                        48     21       39

PRECIPITATION (IN)
  TODAY            0.00          0.73 1967   0.08  -0.08     0.00
  MONTH TO DATE    0.00                      0.08  -0.08     0.00
  SINCE MAR 1      0.11                      2.09  -1.98     0.23
  SINCE JAN 1      1.63                      3.46  -1.83     1.42

SNOWFALL (IN)
  TODAY           MM             2.6  1970   0.0   MM        0.0
  MONTH TO DATE   MM                         0.0   MM        0.0
  SINCE JAN 1      5.6                      13.2   -7.6     16.9
  SINCE JUL 1     11.7                      19.7   -8.0     23.2
  SNOW DEPTH      MM

DEGREE DAYS
 HEATING
  TODAY            0                        17    -17       26
  MONTH TO DATE    0                        17    -17       26
  SINCE MAR 1    547                       701   -154      822
  SINCE JUL 1   4754                      4908   -154     5304

 COOLING
  TODAY            4                         0      4        0
  MONTH TO DATE    4                         0      4        0
  SINCE MAR 1      8                         1      7        0
  SINCE JAN 1      8                         1      7        0
..................................................................


WIND (MPH)
  HIGHEST WIND SPEED    32   HIGHEST WIND DIRECTION     S (170)
  HIGHEST GUST SPEED    41   HIGHEST GUST DIRECTION     S (180)
  AVERAGE WIND SPEED    17.0



WEATHER CONDITIONS
 THE FOLLOWING WEATHER WAS RECORDED TODAY.
  NO SIGNIFICANT WEATHER WAS OBSERVED.


RELATIVE HUMIDITY (PERCENT)
 HIGHEST    66           700 AM
 LOWEST     31           200 PM
 AVERAGE    49

..........................................................


THE CONCORDIA KS CLIMATE NORMALS FOR TOMORROW
                         NORMAL    RECORD    YEAR
 MAXIMUM TEMPERATURE (F)   61        87      2003
                                             1981
                                             1928
 MINIMUM TEMPERATURE (F)   37        15      1975
                                             1936


SUNRISE AND SUNSET
APRIL  1 2015.........SUNRISE   715 AM CDT   SUNSET   754 PM CDT
APRIL  2 2015.........SUNRISE   714 AM CDT   SUNSET   755 PM CDT


-  INDICATES NEGATIVE NUMBERS.
R  INDICATES RECORD WAS SET OR TIED.
MM INDICATES DATA IS MISSING.
T  INDICATES TRACE AMOUNT.




$$
