000
CDUS41 KGYX 242040
CLICON


CLIMATE REPORT
NATIONAL WEATHER SERVICE GRAY ME
440 PM EDT FRI APR 24 2015


...................................

...THE CONCORD NH CLIMATE SUMMARY FOR APRIL 24 2015...
VALID TODAY AS OF 0400 PM LOCAL TIME.

CLIMATE NORMAL PERIOD 1981 TO 2010
CLIMATE RECORD PERIOD 1868 TO 2015


WEATHER ITEM   OBSERVED TIME   RECORD YEAR NORMAL DEPARTURE LAST
                VALUE   (LST)  VALUE       VALUE  FROM      YEAR
                                                  NORMAL
..................................................................
TEMPERATURE (F)
 TODAY
  MAXIMUM         49    127 PM  88    2001  62    -13       55
  MINIMUM         28    311 AM  21    1971  35     -7       37
  AVERAGE         39                        48     -9       46

PRECIPITATION (IN)
  TODAY            0.00          1.55 1983   0.11  -0.11     0.00
  MONTH TO DATE    2.23                      2.72  -0.49     1.87
  SINCE MAR 1      3.71                      5.99  -2.28     5.85
  SINCE JAN 1      9.77                     11.31  -1.54    13.17

SNOWFALL (IN)
  TODAY            0.0           4.5  1928   0.1   -0.1      0.0
  MONTH TO DATE    2.1                       2.7   -0.6      0.2
  SINCE MAR 1      7.9                      13.8   -5.9     10.6
  SINCE JUL 1     92.1                      61.3   30.8     80.4
  SNOW DEPTH       0

DEGREE DAYS
 HEATING
  TODAY           26                        17      9       19
  MONTH TO DATE  516                       508      8      499
  SINCE MAR 1   1664                      1495    169     1713
  SINCE JUL 1   7118                      6755    363     7182

 COOLING
  TODAY            0                         0      0        0
  MONTH TO DATE    0                         0      0        0
  SINCE MAR 1      0                         0      0        0
  SINCE JAN 1      0                         0      0        0
..................................................................


WIND (MPH)
  HIGHEST WIND SPEED    23   HIGHEST WIND DIRECTION    NW (320)
  HIGHEST GUST SPEED    35   HIGHEST GUST DIRECTION     W (290)
  AVERAGE WIND SPEED     9.0


SKY COVER
  POSSIBLE SUNSHINE  MM
  AVERAGE SKY COVER 0.9


WEATHER CONDITIONS
 THE FOLLOWING WEATHER WAS RECORDED TODAY.
  NO SIGNIFICANT WEATHER WAS OBSERVED.


RELATIVE HUMIDITY (PERCENT)
 HIGHEST    92           200 AM
 LOWEST     37           100 PM
 AVERAGE    65

..........................................................


THE CONCORD NH CLIMATE NORMALS FOR TOMORROW
                         NORMAL    RECORD    YEAR
 MAXIMUM TEMPERATURE (F)   62        90      2009
 MINIMUM TEMPERATURE (F)   36        18      1965


SUNRISE AND SUNSET
APRIL 24 2015.........SUNRISE   550 AM EDT   SUNSET   739 PM EDT
APRIL 25 2015.........SUNRISE   549 AM EDT   SUNSET   740 PM EDT


-  INDICATES NEGATIVE NUMBERS.
R  INDICATES RECORD WAS SET OR TIED.
MM INDICATES DATA IS MISSING.
T  INDICATES TRACE AMOUNT.




$$
