000
CDUS44 KCRP 280856
CLICRP

CLIMATE REPORT
NATIONAL WEATHER SERVICE CORPUS CHRISTI TX
351 AM CDT TUE APR 28 2015


...................................

...THE CORPUS CHRISTI CLIMATE SUMMARY FOR APRIL 27 2015...

CLIMATE NORMAL PERIOD 1981 TO 2010
CLIMATE RECORD PERIOD 1887 TO 2015


WEATHER ITEM   OBSERVED TIME   RECORD YEAR NORMAL DEPARTURE LAST
                VALUE   (LST)  VALUE       VALUE  FROM      YEAR
                                                  NORMAL
..................................................................
TEMPERATURE (F)
 YESTERDAY
  MAXIMUM         90    358 PM 103    2014  84      6      103
  MINIMUM         73   1159 PM  50    1980  66      7       75
  AVERAGE         82                        75      7       89

PRECIPITATION (IN)
  YESTERDAY        0.00          2.57 1941   0.07  -0.07     0.00
  MONTH TO DATE    6.34                      1.62   4.72     0.45
  SINCE MAR 1     12.47                      3.51   8.96     2.10
  SINCE JAN 1     15.92                      6.98   8.94     3.01

SNOWFALL (IN)
  YESTERDAY        0.0
  MONTH TO DATE    0.0
  SINCE MAR 1      0.0
  SINCE JUL 1      0.0
  SNOW DEPTH       0

DEGREE DAYS
 HEATING
  YESTERDAY        0                         0      0        0
  MONTH TO DATE    0                        15    -15       14
  SINCE MAR 1    116                        96     20      146
  SINCE JUL 1   1053                       896    157     1145

 COOLING
  YESTERDAY       17                        10      7       24
  MONTH TO DATE  274                       207     67      237
  SINCE MAR 1    349                       322     27      321
  SINCE JAN 1    377                       398    -21      398
..................................................................


WIND (MPH)
  HIGHEST WIND SPEED    24   HIGHEST WIND DIRECTION    NW (330)
  HIGHEST GUST SPEED    27   HIGHEST GUST DIRECTION    NW (330)
  AVERAGE WIND SPEED    11.5


SKY COVER
  POSSIBLE SUNSHINE  MM
  AVERAGE SKY COVER 0.7


WEATHER CONDITIONS
 THE FOLLOWING WEATHER WAS RECORDED YESTERDAY.
  FOG
  HAZE


RELATIVE HUMIDITY (PERCENT)
 HIGHEST    93          1100 PM
 LOWEST     41           500 PM
 AVERAGE    67

..........................................................


THE CORPUS CHRISTI CLIMATE NORMALS FOR TODAY
                         NORMAL    RECORD    YEAR
 MAXIMUM TEMPERATURE (F)   84       103      2014
 MINIMUM TEMPERATURE (F)   66        50      1997


SUNRISE AND SUNSET
APRIL 28 2015.........SUNRISE   653 AM CDT   SUNSET   802 PM CDT
APRIL 29 2015.........SUNRISE   652 AM CDT   SUNSET   803 PM CDT


-  INDICATES NEGATIVE NUMBERS.
R  INDICATES RECORD WAS SET OR TIED.
MM INDICATES DATA IS MISSING.
T  INDICATES TRACE AMOUNT.




$$
