000
CDUS45 KTFX 010905
CLICTB


CLIMATE REPORT
NATIONAL WEATHER SERVICE GREAT FALLS MT
302 AM MDT WED APR 1 2015


...................................

...THE CUT BANK MT CLIMATE SUMMARY FOR MARCH 31 2015...

CLIMATE NORMAL PERIOD 1981 TO 2010
CLIMATE RECORD PERIOD 1903 TO 2015


WEATHER ITEM   OBSERVED TIME   RECORD YEAR NORMAL DEPARTURE LAST
                VALUE   (LST)  VALUE       VALUE  FROM      YEAR
                                                  NORMAL
..................................................................
TEMPERATURE (F)
 YESTERDAY
  MAXIMUM         62   1208 PM  70    1964  48     14       33
  MINIMUM         37   1159 PM -16    1936  25     12       18
  AVERAGE         50                        36     14       26

PRECIPITATION (IN)
  YESTERDAY        0.00          0.26 1945   0.02  -0.02     0.00
  MONTH TO DATE    0.25                      0.50  -0.25     0.59
  SINCE OCT 1      3.67                      1.93   1.74     3.12
  SINCE JAN 1      1.14                      0.91   0.23     1.92

SNOWFALL (IN)
  YESTERDAY       MM
  SNOW DEPTH       0

DEGREE DAYS
 HEATING
  YESTERDAY       15                        29    -14       39
  MONTH TO DATE  774                      1042   -268     1222
  SINCE MAR 1    774                      1038   -264     1222
  SINCE JUL 1   6436                      7098   -662     7428

 COOLING
  YESTERDAY        0                         0      0        0
  MONTH TO DATE    0                         0      0        0
  SINCE MAR 1      0                         0      0        0
  SINCE JAN 1      0                         0      0        0
..................................................................


WIND (MPH)
  HIGHEST WIND SPEED    45   HIGHEST WIND DIRECTION     W (260)
  HIGHEST GUST SPEED    51   HIGHEST GUST DIRECTION     W (260)
  AVERAGE WIND SPEED    19.7


SKY COVER
  AVERAGE SKY COVER 0.0


WEATHER CONDITIONS
 THE FOLLOWING WEATHER WAS RECORDED YESTERDAY.
  NO SIGNIFICANT WEATHER WAS OBSERVED.


RELATIVE HUMIDITY (PERCENT)
 HIGHEST    65           700 PM
 LOWEST     30           100 AM
 AVERAGE    48

..........................................................


THE CUT BANK MT CLIMATE NORMALS FOR TODAY
                         NORMAL    RECORD    YEAR
 MAXIMUM TEMPERATURE (F)   48        67      1992
 MINIMUM TEMPERATURE (F)   25       -16      1935


SUNRISE AND SUNSET
APRIL  1 2015.........SUNRISE   708 AM MDT   SUNSET   800 PM MDT
APRIL  2 2015.........SUNRISE   706 AM MDT   SUNSET   802 PM MDT


-  INDICATES NEGATIVE NUMBERS.
R  INDICATES RECORD WAS SET OR TIED.
MM INDICATES DATA IS MISSING.
T  INDICATES TRACE AMOUNT.




$$
