000
CDUS42 KTAE 180634
CLICTY


CLIMATE REPORT
NATIONAL WEATHER SERVICE TALLAHASSEE FL
231 AM EDT SAT APR 18 2015


...................................

...THE CROSS CITY  CLIMATE SUMMARY FOR APRIL 17 2015...

CLIMATE NORMAL PERIOD 1981 TO 2010
CLIMATE RECORD PERIOD 1948 TO 2015


WEATHER ITEM   OBSERVED TIME   NORMAL DEPARTURE LAST
                VALUE   (LST)  VALUE  FROM      YEAR
                                      NORMAL
......................................................
TEMPERATURE (F)
 YESTERDAY
  MAXIMUM         80    215 PM  80      0       76
  MINIMUM         67    655 AM  54     13       52
  AVERAGE         74            67      7

PRECIPITATION (IN)
  YESTERDAY        0.02          0.09  -0.07     0.01
  MONTH TO DATE    0.43          2.13  -1.70     2.35
  SINCE MAR 1      1.80          6.34  -4.54     7.31
  SINCE JAN 1      7.77         13.65  -5.88    17.46

DEGREE DAYS
 HEATING
  YESTERDAY        0             1     -1
  MONTH TO DATE    0            38    -38
  SINCE MAR 1     52           173   -121
  SINCE JUL 1   1212          1293    -81

 COOLING
  YESTERDAY        9             3      6
  MONTH TO DATE  155            50    105
  SINCE MAR 1    311            97    214
  SINCE JAN 1    327           124    203
......................................................


WIND (MPH)
  RESULTANT WIND SPEED   2   RESULTANT WIND DIRECTION   E (100)
  HIGHEST WIND SPEED     8   HIGHEST WIND DIRECTION    NE (60)
  HIGHEST GUST SPEED    11   HIGHEST GUST DIRECTION     E (70)
  AVERAGE WIND SPEED     3.0



WEATHER CONDITIONS
 THE FOLLOWING WEATHER WAS RECORDED YESTERDAY.
  NO SIGNIFICANT WEATHER WAS OBSERVED.


RELATIVE HUMIDITY (PERCENT)
 HIGHEST    93
 LOWEST     71

..........................................................



SUNRISE AND SUNSET
APRIL 18 2015.........SUNRISE   703 AM EDT   SUNSET   801 PM EDT
APRIL 19 2015.........SUNRISE   702 AM EDT   SUNSET   802 PM EDT


-  INDICATES NEGATIVE NUMBERS.
R  INDICATES RECORD WAS SET OR TIED.
MM INDICATES DATA IS MISSING.
T  INDICATES TRACE AMOUNT.

$$
