000
CDUS41 KILN 062055
CLICVG


CLIMATE REPORT
NATIONAL WEATHER SERVICE WILMINGTON OH
455 PM EDT WED MAY 6 2015


...................................

...THE CINCINNATI OH CLIMATE SUMMARY FOR MAY 6 2015...
VALID TODAY AS OF 0400 PM LOCAL TIME.

CLIMATE NORMAL PERIOD 1981 TO 2010
CLIMATE RECORD PERIOD 1869 TO 2015


WEATHER ITEM   OBSERVED TIME   RECORD YEAR NORMAL DEPARTURE LAST
                VALUE   (LST)  VALUE       VALUE  FROM      YEAR
                                                  NORMAL
..................................................................
TEMPERATURE (F)
 TODAY
  MAXIMUM         85    312 PM  89    1930  71     14       76
                                      1902
  MINIMUM         55    543 AM  34    1989  50      5       51
                                      1954
                                      1898
  AVERAGE         70                        61      9       64

PRECIPITATION (IN)
  TODAY            0.00          1.48 1908   0.15  -0.15     0.00
  MONTH TO DATE    0.00                      0.95  -0.95      T
  SINCE MAR 1     11.45                      8.80   2.65     9.07
  SINCE JAN 1     15.60                     14.61   0.99    14.61

SNOWFALL (IN)
  TODAY            0.0           0.2  1989   0.0    0.0      0.0
  MONTH TO DATE    0.0                       0.0    0.0      0.0
  SINCE MAR 1      4.9                       3.5    1.4      3.9
  SINCE JUL 1     29.9                      22.1    7.8     47.5
  SNOW DEPTH       0

DEGREE DAYS
 HEATING
  TODAY            0                         6     -6        1
  MONTH TO DATE   13                        38    -25       42
  SINCE MAR 1    995                      1045    -50     1095
  SINCE JUL 1   5222                      4872    350     5339

 COOLING
  TODAY            5                         1      4        0
  MONTH TO DATE   13                         6      7        0
  SINCE MAR 1     18                        24     -6        7
  SINCE JAN 1     18                        24     -6        7
..................................................................


WIND (MPH)
  HIGHEST WIND SPEED    10   HIGHEST WIND DIRECTION    SW (210)
  HIGHEST GUST SPEED    14   HIGHEST GUST DIRECTION     W (260)
  AVERAGE WIND SPEED     2.2


SKY COVER
  POSSIBLE SUNSHINE  MM
  AVERAGE SKY COVER 0.3


WEATHER CONDITIONS
 THE FOLLOWING WEATHER WAS RECORDED TODAY.
  FOG


RELATIVE HUMIDITY (PERCENT)
 HIGHEST    87           100 AM
 LOWEST     34          1200 PM
 AVERAGE    61

..........................................................


THE CINCINNATI OH CLIMATE NORMALS FOR TOMORROW
                         NORMAL    RECORD    YEAR
 MAXIMUM TEMPERATURE (F)   71        89      1940
 MINIMUM TEMPERATURE (F)   51        30      1974


SUNRISE AND SUNSET
MAY  6 2015...........SUNRISE   635 AM EDT   SUNSET   836 PM EDT
MAY  7 2015...........SUNRISE   634 AM EDT   SUNSET   837 PM EDT


-  INDICATES NEGATIVE NUMBERS.
R  INDICATES RECORD WAS SET OR TIED.
MM INDICATES DATA IS MISSING.
T  INDICATES TRACE AMOUNT.




$$
