000
CDUS43 KUNR 270831
CLID07


CLIMATE REPORT
NATIONAL WEATHER SERVICE RAPID CITY SD
231 AM MDT MON APR 27 2015


...................................

...THE FAITH SD CLIMATE SUMMARY FOR APRIL 26 2015...

CLIMATE NORMAL PERIOD 1981 TO 2010
CLIMATE RECORD PERIOD 9999 TO 9999


WEATHER ITEM   OBSERVED TIME   NORMAL DEPARTURE LAST
                VALUE   (LST)  VALUE  FROM      YEAR
                                      NORMAL
......................................................
TEMPERATURE (F)
 YESTERDAY
  MAXIMUM         59    528 PM  61     -2       67
  MINIMUM         47    640 AM  37     10       46
  AVERAGE         53            49      4       57

PRECIPITATION (IN)
  YESTERDAY        0.00          0.07  -0.07     0.00
  MONTH TO DATE    0.47          1.27  -0.80     0.17
  SINCE MAR 1      0.62          2.25  -1.63     1.36
  SINCE JAN 1      1.05          2.87  -1.82     2.26

DEGREE DAYS
 HEATING
  YESTERDAY       12            16     -4        8
  MONTH TO DATE  492           549    -57      532
  SINCE MAR 1   1216          1552   -336     1650
  SINCE JUL 1   6715          7240   -525     7736

 COOLING
  YESTERDAY        0             0      0        0
  MONTH TO DATE    0             0      0        0
  SINCE MAR 1      2             0      2        0
  SINCE JAN 1      2             0      2        0
......................................................


WIND (MPH)
  HIGHEST WIND SPEED    18   HIGHEST WIND DIRECTION    SE (130)
  HIGHEST GUST SPEED    22   HIGHEST GUST DIRECTION    SE (130)
  AVERAGE WIND SPEED     8.1




RELATIVE HUMIDITY (PERCENT)
 HIGHEST    93           100 AM
 LOWEST     47           500 PM
 AVERAGE    70

..........................................................




SUNRISE AND SUNSET
APRIL 27 2015.........SUNRISE   544 AM MDT   SUNSET   748 PM MDT
APRIL 28 2015.........SUNRISE   542 AM MDT   SUNSET   750 PM MDT


-  INDICATES NEGATIVE NUMBERS.
R  INDICATES RECORD WAS SET OR TIED.
MM INDICATES DATA IS MISSING.
T  INDICATES TRACE AMOUNT.




$$
