000
CDUS42 KMLB 030635
CLIDAB


CLIMATE REPORT
NATIONAL WEATHER SERVICE MELBOURNE FL
235 AM EDT SUN MAY 3 2015


...................................

...THE DAYTONA BEACH CLIMATE SUMMARY FOR MAY 2 2015...

CLIMATE NORMAL PERIOD 1981 TO 2010
CLIMATE RECORD PERIOD 1923 TO 2015


WEATHER ITEM   OBSERVED TIME   RECORD YEAR NORMAL DEPARTURE LAST
                VALUE   (LST)  VALUE       VALUE  FROM      YEAR
                                                  NORMAL
..................................................................
TEMPERATURE (F)
 YESTERDAY
  MAXIMUM         77    219 PM  95    1953  82     -5       76
  MINIMUM         56    604 AM  51    1965  62     -6       67
                                      1945
                                      1925
  AVERAGE         67                        72     -5       72

PRECIPITATION (IN)
  YESTERDAY        0.00          1.42 1964   0.06  -0.06     0.43
  MONTH TO DATE    0.00                      0.11  -0.11     0.83
  SINCE MAR 1      6.29                      6.53  -0.24     9.89
  SINCE JAN 1     11.72                     12.05  -0.33    16.47

SNOWFALL (IN)
  YESTERDAY        0.0
  MONTH TO DATE    0.0
  SINCE JUL 1      0.0

DEGREE DAYS
 HEATING
  YESTERDAY        0                         0      0        0
  MONTH TO DATE    0                         0      0        0
  SINCE MAR 1     35                       125    -90       89
  SINCE JUL 1    682                       807   -125      602

 COOLING
  YESTERDAY        2                         7     -5        7
  MONTH TO DATE    8                        14     -6       21
  SINCE MAR 1    513                       236    277      272
  SINCE JAN 1    553                       301    252      356
..................................................................


WIND (MPH)
  HIGHEST WIND SPEED    18   HIGHEST WIND DIRECTION    NE (40)
  HIGHEST GUST SPEED    29   HIGHEST GUST DIRECTION    NE (30)
  AVERAGE WIND SPEED    10.2


SKY COVER
  AVERAGE SKY COVER 0.2


WEATHER CONDITIONS
 THE FOLLOWING WEATHER WAS RECORDED YESTERDAY.
  NO SIGNIFICANT WEATHER WAS OBSERVED.


RELATIVE HUMIDITY (PERCENT)
 HIGHEST    86           600 AM
 LOWEST     51          1200 AM
 AVERAGE    69

..........................................................


THE DAYTONA BEACH CLIMATE NORMALS FOR TODAY
                         NORMAL    RECORD    YEAR
 MAXIMUM TEMPERATURE (F)   82        96      2002
 MINIMUM TEMPERATURE (F)   62        44      1940


SUNRISE AND SUNSET
MAY  3 2015...........SUNRISE   641 AM EDT   SUNSET   801 PM EDT
MAY  4 2015...........SUNRISE   640 AM EDT   SUNSET   802 PM EDT


-  INDICATES NEGATIVE NUMBERS.
R  INDICATES RECORD WAS SET OR TIED.
MM INDICATES DATA IS MISSING.
T  INDICATES TRACE AMOUNT.




$$
