000
CDUS41 KILN 250549
CLIDAY


CLIMATE REPORT
NATIONAL WEATHER SERVICE WILMINGTON OH
148 AM EDT SAT APR 25 2015


...................................

...THE DAYTON OH CLIMATE SUMMARY FOR APRIL 24 2015...

CLIMATE NORMAL PERIOD 1981 TO 2010
CLIMATE RECORD PERIOD 1869 TO 2015


WEATHER ITEM   OBSERVED TIME   RECORD YEAR NORMAL DEPARTURE LAST
                VALUE   (LST)  VALUE       VALUE  FROM      YEAR
                                                  NORMAL
..................................................................
TEMPERATURE (F)
 YESTERDAY
  MAXIMUM         61    417 PM  88    1925  65     -4       63
  MINIMUM         31    610 AM  24    1911  44    -13       45
  AVERAGE         46                        55     -9       54

PRECIPITATION (IN)
  YESTERDAY        T             1.76 1937   0.14  -0.14     0.00
  MONTH TO DATE    4.59                      3.25   1.34     3.95
  SINCE MAR 1      8.50                      6.59   1.91     6.57
  SINCE JAN 1     12.86                     11.54   1.32    11.55

SNOWFALL (IN)
  YESTERDAY        0.0           0.2  1995   0.0    0.0      0.0
  MONTH TO DATE    0.0                       0.6   -0.6      1.1
  SINCE MAR 1      5.7                       4.0    1.7      8.2
  SINCE JUL 1     27.7                      23.3    4.4     53.6
  SNOW DEPTH       0

DEGREE DAYS
 HEATING
  YESTERDAY       19                        11      8       11
  MONTH TO DATE  239                       353   -114      297
  SINCE MAR 1   1046                      1117    -71     1174
  SINCE JUL 1   5609                      5392    217     5773

 COOLING
  YESTERDAY        0                         1     -1        0
  MONTH TO DATE    4                         4      0        8
  SINCE MAR 1      4                         4      0        8
  SINCE JAN 1      4                         4      0        8
..................................................................


WIND (MPH)
  RESULTANT WIND SPEED   4   RESULTANT WIND DIRECTION   S (200)
  HIGHEST WIND SPEED    14   HIGHEST WIND DIRECTION    SW (220)
  HIGHEST GUST SPEED    19   HIGHEST GUST DIRECTION    SW (220)
  AVERAGE WIND SPEED     5.8



WEATHER CONDITIONS
 THE FOLLOWING WEATHER WAS RECORDED YESTERDAY.
  NO SIGNIFICANT WEATHER WAS OBSERVED.


RELATIVE HUMIDITY (PERCENT)
 HIGHEST    64           100 AM
 LOWEST     24           500 PM
 AVERAGE    44

..........................................................


THE DAYTON OH CLIMATE NORMALS FOR TODAY
                         NORMAL    RECORD    YEAR
 MAXIMUM TEMPERATURE (F)   65        89      1915
 MINIMUM TEMPERATURE (F)   45        26      1919


SUNRISE AND SUNSET
APRIL 25 2015.........SUNRISE   645 AM EDT   SUNSET   825 PM EDT
APRIL 26 2015.........SUNRISE   644 AM EDT   SUNSET   826 PM EDT


-  INDICATES NEGATIVE NUMBERS.
R  INDICATES RECORD WAS SET OR TIED.
MM INDICATES DATA IS MISSING.
T  INDICATES TRACE AMOUNT.




$$
