000
CDUS41 KILN 012053
CLIDAY


CLIMATE REPORT
NATIONAL WEATHER SERVICE WILMINGTON OH
452 PM EDT WED APR 1 2015


...................................

...THE DAYTON OH CLIMATE SUMMARY FOR APRIL 1 2015...
VALID TODAY AS OF 0400 PM LOCAL TIME.

CLIMATE NORMAL PERIOD 1981 TO 2010
CLIMATE RECORD PERIOD 1869 TO 2015


WEATHER ITEM   OBSERVED TIME   RECORD YEAR NORMAL DEPARTURE LAST
                VALUE   (LST)  VALUE       VALUE  FROM      YEAR
                                                  NORMAL
..................................................................
TEMPERATURE (F)
 TODAY
  MAXIMUM         66    259 PM  79    2010  56     10       72
                                      1986
  MINIMUM         33    407 AM  18    1923  37     -4       51
  AVERAGE         50                        46      4       62

PRECIPITATION (IN)
  TODAY            0.00          1.36 1970   0.13  -0.13      T
  MONTH TO DATE    0.00                      0.13  -0.13      T
  SINCE MAR 1      3.91                      3.47   0.44     2.62
  SINCE JAN 1      8.27                      8.42  -0.15     7.60

SNOWFALL (IN)
  TODAY            0.0           3.0  1924   0.0    0.0      0.0
  MONTH TO DATE    0.0                       0.0    0.0      0.0
  SINCE MAR 1      5.7                       3.4    2.3      7.1
  SINCE JUL 1     27.7                      22.7    5.0     52.5
  SNOW DEPTH       0

DEGREE DAYS
 HEATING
  TODAY           15                        19     -4        3
  MONTH TO DATE   15                        19     -4        3
  SINCE MAR 1    822                       783     39      880
  SINCE JUL 1   5385                      5058    327     5479

 COOLING
  TODAY            0                         0      0        0
  MONTH TO DATE    0                         0      0        0
  SINCE MAR 1      0                         0      0        0
  SINCE JAN 1      0                         0      0        0
..................................................................


WIND (MPH)
  RESULTANT WIND SPEED   6   RESULTANT WIND DIRECTION   S (180)
  HIGHEST WIND SPEED    14   HIGHEST WIND DIRECTION    SW (220)
  HIGHEST GUST SPEED    17   HIGHEST GUST DIRECTION     S (200)
  AVERAGE WIND SPEED     7.4


SKY COVER
  POSSIBLE SUNSHINE  MM
  AVERAGE SKY COVER 0.0


WEATHER CONDITIONS
 THE FOLLOWING WEATHER WAS RECORDED TODAY.
  NO SIGNIFICANT WEATHER WAS OBSERVED.


RELATIVE HUMIDITY (PERCENT)
 HIGHEST    89           200 AM
 LOWEST     30           200 PM
 AVERAGE    60

..........................................................


THE DAYTON OH CLIMATE NORMALS FOR TOMORROW
                         NORMAL    RECORD    YEAR
 MAXIMUM TEMPERATURE (F)   57        81      2010
                                             1963
 MINIMUM TEMPERATURE (F)   37        21      2013
                                             1961
                                             1911


SUNRISE AND SUNSET
APRIL  1 2015.........SUNRISE   721 AM EDT   SUNSET   801 PM EDT
APRIL  2 2015.........SUNRISE   720 AM EDT   SUNSET   802 PM EDT


-  INDICATES NEGATIVE NUMBERS.
R  INDICATES RECORD WAS SET OR TIED.
MM INDICATES DATA IS MISSING.
T  INDICATES TRACE AMOUNT.




$$
