000
CDUS45 KBOU 191227
CLIDEN


CLIMATE REPORT
NATIONAL WEATHER SERVICE DENVER CO
627 AM MDT SUN APR 19 2015


...................................

...THE DENVER CO CLIMATE SUMMARY FOR APRIL 19 2015...
VALID AS OF 0600 AM LOCAL TIME.

CLIMATE NORMAL PERIOD 1981 TO 2010
CLIMATE RECORD PERIOD 1872 TO 2015


WEATHER ITEM   OBSERVED TIME   RECORD YEAR NORMAL DEPARTURE LAST
                VALUE   (LST)  VALUE       VALUE  FROM      YEAR
                                                  NORMAL
..................................................................
TEMPERATURE (F)
 TODAY
  MAXIMUM         42   1246 AM  83    1961  62    -20       67
  MINIMUM         37    459 AM  13    1893  34      3       47
  AVERAGE         40                        48     -8       57

PRECIPITATION (IN)
  TODAY            T             1.26 1942   0.06  -0.06     0.07
  MONTH TO DATE    1.80                      0.95   0.85     0.76
  SINCE MAR 1      2.59                      1.87   0.72     1.59
  SINCE JAN 1      4.22                      2.65   1.57     2.72

..................................................................


WIND (MPH)
  HIGHEST WIND SPEED    37   HIGHEST WIND DIRECTION     N (350)
  HIGHEST GUST SPEED    41   HIGHEST GUST DIRECTION     N (350)
  AVERAGE WIND SPEED    24.0




RELATIVE HUMIDITY (PERCENT)
 HIGHEST    85           200 AM
 LOWEST     76          1200 AM
 AVERAGE    81

..........................................................


THE DENVER CO CLIMATE NORMALS FOR TOMORROW
                         NORMAL    RECORD    YEAR
 MAXIMUM TEMPERATURE (F)   62        83      1989
                                             1962
 MINIMUM TEMPERATURE (F)   34        13      1966


SUNRISE AND SUNSET
APRIL 19 2015.........SUNRISE   615 AM MST   SUNSET   740 PM MST
APRIL 20 2015.........SUNRISE   614 AM MST   SUNSET   741 PM MST


-  INDICATES NEGATIVE NUMBERS.
R  INDICATES RECORD WAS SET OR TIED.
MM INDICATES DATA IS MISSING.
T  INDICATES TRACE AMOUNT.




$$
