000
CDUS45 KCYS 032140
CLIDGW


CLIMATE REPORT
NATIONAL WEATHER SERVICE CHEYENNE WY
340 PM MDT SUN MAY 3 2015


...................................

...THE DOUGLAS WY AIRPORT CLIMATE SUMMARY FOR MAY 3 2015...
VALID AS OF 0300 PM LOCAL TIME.

CLIMATE NORMAL PERIOD 1981 TO 2010
CLIMATE RECORD PERIOD 1998 TO 2015


WEATHER ITEM   OBSERVED TIME   RECORD YEAR NORMAL DEPARTURE LAST
                VALUE   (LST)  VALUE       VALUE  FROM      YEAR
                                                  NORMAL
..................................................................
TEMPERATURE (F)
 TODAY
  MAXIMUM         68    149 PM  79    2014  63      5       79
                                      2004
  MINIMUM         46    454 AM  17    2008  34     12       41
  AVERAGE         57                        49      8       60

PRECIPITATION (IN)
  TODAY            0.00          0.57 2007   0.08  -0.08     0.00
  MONTH TO DATE    0.00                      0.25  -0.25     0.00
  SINCE JAN 1      4.63                      3.40   1.23     3.55

DEGREE DAYS
 HEATING
  TODAY            8                        16     -8        5
  MONTH TO DATE   28                        50    -22       35
  SINCE MAR 1   1390                      1607   -217     1564
  SINCE JUL 1   6393                      7007   -614     7154

 COOLING
  TODAY            0                         0      0        0
  MONTH TO DATE    0                         0      0        0
  SINCE MAR 1      1                         0      1        0
  SINCE JAN 1      1                         0      1        0
..................................................................


WIND (MPH)
  HIGHEST WIND SPEED    17   HIGHEST WIND DIRECTION    NW (300)
  HIGHEST GUST SPEED    22   HIGHEST GUST DIRECTION    NW (300)
  AVERAGE WIND SPEED     7.9


SKY COVER
  AVERAGE SKY COVER 0.0


WEATHER CONDITIONS
 THE FOLLOWING WEATHER WAS RECORDED TODAY.
  NO SIGNIFICANT WEATHER WAS OBSERVED.


RELATIVE HUMIDITY (PERCENT)
 HIGHEST    65           500 AM
 LOWEST     32           100 PM
 AVERAGE    49

..........................................................


THE DOUGLAS WY AIRPORT CLIMATE NORMALS FOR TOMORROW
                         NORMAL    RECORD    YEAR
 MAXIMUM TEMPERATURE (F)   64        86      2000
 MINIMUM TEMPERATURE (F)   34        28      2008
                                             2002


SUNRISE AND SUNSET
MAY  3 2015...........SUNRISE   553 AM MDT   SUNSET   804 PM MDT
MAY  4 2015...........SUNRISE   552 AM MDT   SUNSET   805 PM MDT


-  INDICATES NEGATIVE NUMBERS.
R  INDICATES RECORD WAS SET OR TIED.
MM INDICATES DATA IS MISSING.
T  INDICATES TRACE AMOUNT.




$$
