000
CDUS43 KBIS 280724
CLIDIK


CLIMATE REPORT
NATIONAL WEATHER SERVICE BISMARCK ND
224 AM CDT TUE APR 28 2015


...................................

...THE DICKINSON ND CLIMATE SUMMARY FOR APRIL 27 2015...

CLIMATE NORMAL PERIOD 1981 TO 2010
CLIMATE RECORD PERIOD 1893 TO 2015


WEATHER ITEM   OBSERVED TIME   RECORD YEAR NORMAL DEPARTURE LAST
                VALUE   (LST)  VALUE       VALUE  FROM      YEAR
                                                  NORMAL
..................................................................
TEMPERATURE (F)
 YESTERDAY
  MAXIMUM         48    540 PM  88    1910  60    -12       43
  MINIMUM         34   1159 PM  13    1907  33      1       33
  AVERAGE         41                        47     -6       38

PRECIPITATION (IN)
  YESTERDAY        0.18          2.02 1984   0.06   0.12     0.70
  MONTH TO DATE    1.03                      1.26  -0.23     0.81
  SINCE MAR 1      1.50                      1.95  -0.45     1.31
  SINCE JAN 1      1.77                      2.58  -0.81     1.48

DEGREE DAYS
 HEATING
  YESTERDAY       24                        18      6       27
  MONTH TO DATE  599                       628    -29      697
  SINCE MAR 1   1427                      1714   -287     1893
  SINCE JUL 1   7542                      8008   -466     8535

 COOLING
  YESTERDAY        0                         0      0        0
  MONTH TO DATE    0                         0      0        0
  SINCE MAR 1      0                         0      0        0
  SINCE JAN 1      0                         0      0        0
..................................................................


WIND (MPH)
  HIGHEST WIND SPEED    14   HIGHEST WIND DIRECTION    NW (310)
  HIGHEST GUST SPEED    17   HIGHEST GUST DIRECTION     N (360)
  AVERAGE WIND SPEED     8.4


SKY COVER
  POSSIBLE SUNSHINE  MM
  AVERAGE SKY COVER 0.8


WEATHER CONDITIONS
 THE FOLLOWING WEATHER WAS RECORDED YESTERDAY.
  LIGHT RAIN
  FOG


RELATIVE HUMIDITY (PERCENT)
 HIGHEST    93           500 AM
 LOWEST     66           300 PM
 AVERAGE    80

..........................................................


THE DICKINSON ND CLIMATE NORMALS FOR TODAY
                         NORMAL    RECORD    YEAR
 MAXIMUM TEMPERATURE (F)   61        91      2001
 MINIMUM TEMPERATURE (F)   34        13      1958


SUNRISE AND SUNSET
APRIL 28 2015.........SUNRISE   541 AM MDT   SUNSET   757 PM MDT
APRIL 29 2015.........SUNRISE   540 AM MDT   SUNSET   758 PM MDT


-  INDICATES NEGATIVE NUMBERS.
R  INDICATES RECORD WAS SET OR TIED.
MM INDICATES DATA IS MISSING.
T  INDICATES TRACE AMOUNT.




$$
