000
CDUS45 KTFX 252236
CLIDLN


CLIMATE REPORT
NATIONAL WEATHER SERVICE GREAT FALLS MT
436 PM MDT SAT APR 25 2015


...................................

...THE DILLON AIRPORT MT CLIMATE SUMMARY FOR APRIL 25 2015...
VALID TODAY AS OF 0400 PM LOCAL TIME.

CLIMATE NORMAL PERIOD 1981 TO 2010
CLIMATE RECORD PERIOD 1929 TO 2015


WEATHER ITEM   OBSERVED TIME   RECORD YEAR NORMAL DEPARTURE LAST
                VALUE   (LST)  VALUE       VALUE  FROM      YEAR
                                                  NORMAL
..................................................................
TEMPERATURE (F)
 TODAY
  MAXIMUM         48    206 PM  82    1946  58    -10       58
  MINIMUM         33    703 AM  16    1985  31      2       34
  AVERAGE         41                        44     -3       46

PRECIPITATION (IN)
  TODAY            0.10          1.09 1975   0.04   0.06     0.07
  MONTH TO DATE    1.00                      0.84   0.16     0.84
  SINCE OCT 1      2.50                      3.32  -0.82     1.90
  SINCE JAN 1      1.34                      1.92  -0.58     1.41

SNOWFALL (IN)
  TODAY           MM
  SNOW DEPTH       0

DEGREE DAYS
 HEATING
  TODAY           24                        21      3       19
  MONTH TO DATE  588                       604    -16      548
  SINCE MAR 1   1309                      1554   -245     1472
  SINCE JUL 1   6421                      7471  -1050     7252

 COOLING
  TODAY            0                         0      0        0
  MONTH TO DATE    0                         0      0        0
  SINCE MAR 1      0                         0      0        0
  SINCE JAN 1      0                         0      0        0
..................................................................


WIND (MPH)
  HIGHEST WIND SPEED    14   HIGHEST WIND DIRECTION     S (200)
  HIGHEST GUST SPEED    18   HIGHEST GUST DIRECTION     S (200)
  AVERAGE WIND SPEED     3.9


SKY COVER
  AVERAGE SKY COVER 0.9


WEATHER CONDITIONS
 THE FOLLOWING WEATHER WAS RECORDED TODAY.
  LIGHT SNOW
  FOG


RELATIVE HUMIDITY (PERCENT)
 HIGHEST   100
 LOWEST     46
 AVERAGE    73

..........................................................


THE DILLON AIRPORT MT CLIMATE NORMALS FOR TOMORROW
                         NORMAL    RECORD    YEAR
 MAXIMUM TEMPERATURE (F)   58        80      1992
 MINIMUM TEMPERATURE (F)   31        18      1948


SUNRISE AND SUNSET
APRIL 25 2015.........SUNRISE   629 AM MDT   SUNSET   829 PM MDT
APRIL 26 2015.........SUNRISE   627 AM MDT   SUNSET   830 PM MDT


-  INDICATES NEGATIVE NUMBERS.
R  INDICATES RECORD WAS SET OR TIED.
MM INDICATES DATA IS MISSING.
T  INDICATES TRACE AMOUNT.




$$
