000
CDUS41 KLWX 242122
CLIDMH


CLIMATE REPORT
NATIONAL WEATHER SERVICE BALTIMORE MD/WASHINGTON DC
522 PM EDT FRI APR 24 2015


...................................

...THE BALTIMORE INNER HARBOR MD CLIMATE SUMMARY FOR APRIL 24 2015...
VALID TODAY AS OF 0500 PM LOCAL TIME.

CLIMATE NORMAL PERIOD 1981 TO 2010
CLIMATE RECORD PERIOD 9999 TO 9999


WEATHER ITEM   OBSERVED TIME   RECORD YEAR NORMAL DEPARTURE LAST
                VALUE   (LST)  VALUE       VALUE  FROM      YEAR
                                                  NORMAL
..................................................................
TEMPERATURE (F)
 TODAY
  MAXIMUM         58    359 PM  MM      MM  69    -11       65
  MINIMUM         41    654 AM  MM      MM  50     -9       43
  AVERAGE         50                        59     -9       54

PRECIPITATION (IN)
  TODAY            0.00         MM      MM   0.09  -0.09     0.00
  MONTH TO DATE    2.95                      2.61   0.34     3.00
  SINCE MAR 1      7.39                      6.47   0.92     7.20
  SINCE JAN 1     13.21                     11.99   1.22    13.53

DEGREE DAYS
 HEATING
  TODAY           15                         7      8       11
  MONTH TO DATE  184                       243    -59      239
  SINCE MAR 1    793                       822    -29      973
  SINCE JUL 1   4307                      3910    397     4043

 COOLING
  TODAY            0                         1     -1        0
  MONTH TO DATE    8                        17     -9       14
  SINCE MAR 1      8                        18    -10       14
  SINCE JAN 1      8                        18    -10       14
..................................................................


WIND (MPH)
  HIGHEST WIND SPEED    MM   HIGHEST WIND DIRECTION    MM
  HIGHEST GUST SPEED    MM   HIGHEST GUST DIRECTION    MM
  AVERAGE WIND SPEED    MM


SKY COVER
  POSSIBLE SUNSHINE  MM



RELATIVE HUMIDITY (PERCENT)
 HIGHEST    45          1200 AM
 LOWEST     20           300 PM
 AVERAGE    33

..........................................................


THE BALTIMORE INNER HARBOR MD CLIMATE NORMALS FOR TOMORROW
                         NORMAL    RECORD    YEAR
 MAXIMUM TEMPERATURE (F)   69        MM        MM
 MINIMUM TEMPERATURE (F)   50        MM        MM


SUNRISE AND SUNSET
APRIL 24 2015.........SUNRISE   617 AM EDT   SUNSET   753 PM EDT
APRIL 25 2015.........SUNRISE   616 AM EDT   SUNSET   754 PM EDT


-  INDICATES NEGATIVE NUMBERS.
R  INDICATES RECORD WAS SET OR TIED.
MM INDICATES DATA IS MISSING.
T  INDICATES TRACE AMOUNT.




$$
