000
CDUS42 KAKQ 060532
CLIECG


CLIMATE REPORT
NATIONAL WEATHER SERVICE WAKEFIELD, VA
132 AM EDT WED MAY 6 2015


...................................

...THE ELIZABETH CITY NC CLIMATE SUMMARY FOR MAY 5 2015...

CLIMATE NORMAL PERIOD 1981 TO 2010
CLIMATE RECORD PERIOD 1934 TO 2015


WEATHER ITEM   OBSERVED TIME   RECORD YEAR NORMAL DEPARTURE LAST
                VALUE   (LST)  VALUE       VALUE  FROM      YEAR
                                                  NORMAL
..................................................................
TEMPERATURE (F)
 YESTERDAY
  MAXIMUM         80    330 PM  92    1938  74      6       70
  MINIMUM         57    509 AM  40    1966  53      4       54
  AVERAGE         69                        64      5       62

PRECIPITATION (IN)
  YESTERDAY        0.00          1.53 2012   0.10  -0.10     0.02
  MONTH TO DATE    0.01                      0.51  -0.50     0.11
  SINCE MAR 1      7.09                      7.63  -0.54     8.60
  SINCE JAN 1     13.89                     14.07  -0.18    12.74

SNOWFALL (IN)
  YESTERDAY        0.0           0.0  2002  MM     MM
  MONTH TO DATE    0.0                      MM     MM
  SINCE NOV 1      T                        MM     MM
  SINCE JUL 1      T                        MM     MM
  SNOW DEPTH       0

DEGREE DAYS
 HEATING
  YESTERDAY        0                         4     -4        3
  MONTH TO DATE   20                        20      0        4
  SINCE MAR 1    692                       709    -17      742
  SINCE JUL 1   3226                      3181     45     3317

 COOLING
  YESTERDAY        4                         2      2        0
  MONTH TO DATE    6                        10     -4       10
  SINCE MAR 1     39                        50    -11       39
  SINCE JAN 1     41                        52    -11       39
..................................................................


WIND (MPH)
  HIGHEST WIND SPEED    18   HIGHEST WIND DIRECTION    SW (230)
  HIGHEST GUST SPEED    23   HIGHEST GUST DIRECTION     S (190)
  AVERAGE WIND SPEED     9.4


SKY COVER
  POSSIBLE SUNSHINE  MM
  AVERAGE SKY COVER 0.1


WEATHER CONDITIONS
 THE FOLLOWING WEATHER WAS RECORDED YESTERDAY.
  NO SIGNIFICANT WEATHER WAS OBSERVED.


RELATIVE HUMIDITY (PERCENT)
 HIGHEST    86           400 AM
 LOWEST     36           200 PM
 AVERAGE    61

..........................................................


THE ELIZABETH CITY NC CLIMATE NORMALS FOR TODAY
                         NORMAL    RECORD    YEAR
 MAXIMUM TEMPERATURE (F)   74        92      1950
 MINIMUM TEMPERATURE (F)   53        42      1957


SUNRISE AND SUNSET
MAY  6 2015...........SUNRISE   607 AM EDT   SUNSET   756 PM EDT
MAY  7 2015...........SUNRISE   606 AM EDT   SUNSET   757 PM EDT


-  INDICATES NEGATIVE NUMBERS.
R  INDICATES RECORD WAS SET OR TIED.
MM INDICATES DATA IS MISSING.
T  INDICATES TRACE AMOUNT.




$$
