000
CDUS44 KSHV 060736
CLIELD


CLIMATE REPORT
NATIONAL WEATHER SERVICE SHREVEPORT, LA
236 AM CDT WED MAY 6 2015


...................................

...THE EL DORADO CLIMATE SUMMARY FOR MAY 5 2015...

CLIMATE NORMAL PERIOD 1981 TO 2010
CLIMATE RECORD PERIOD 1907 TO 2015


WEATHER ITEM   OBSERVED TIME   RECORD YEAR NORMAL DEPARTURE LAST
                VALUE   (LST)  VALUE       VALUE  FROM      YEAR
                                                  NORMAL
..................................................................
TEMPERATURE (F)
 YESTERDAY
  MAXIMUM         85    242 PM  92    1943  80      5       85
  MINIMUM         64    452 AM  37    2013  57      7       52
  AVERAGE         75                        68      7       69

PRECIPITATION (IN)
  YESTERDAY        0.00          2.75 1934   0.17  -0.17     0.00
  MONTH TO DATE    0.00                      0.82  -0.82     0.00
  SINCE DEC 1     19.40                     23.93  -4.53    20.77
  SINCE JAN 1     16.07                     18.75  -2.68    14.21

SNOWFALL (IN)
  YESTERDAY        0.0
  MONTH TO DATE    0.0
  SINCE MAR 1      0.7
  SINCE JUL 1      0.7
  SNOW DEPTH       0

DEGREE DAYS
 HEATING
  YESTERDAY        0                         1     -1        0
  MONTH TO DATE    0                         6     -6       16
  SINCE MAR 1    427                       432     -5      619
  SINCE JUL 1   2913                      2660    253     3226

 COOLING
  YESTERDAY       10                         5      5        4
  MONTH TO DATE   20                        21     -1        9
  SINCE MAR 1    121                       114      7       66
  SINCE JAN 1    121                       120      1       66
..................................................................


WIND (MPH)
  HIGHEST WIND SPEED    20   HIGHEST WIND DIRECTION     E (110)
  HIGHEST GUST SPEED    26   HIGHEST GUST DIRECTION     E (110)
  AVERAGE WIND SPEED     8.7


SKY COVER
  POSSIBLE SUNSHINE  MM
  AVERAGE SKY COVER 0.3


WEATHER CONDITIONS
 THE FOLLOWING WEATHER WAS RECORDED YESTERDAY.
  NO SIGNIFICANT WEATHER WAS OBSERVED.


RELATIVE HUMIDITY (PERCENT)
 HIGHEST    93           200 AM
 LOWEST     37           300 PM
 AVERAGE    65

..........................................................


THE EL DORADO CLIMATE NORMALS FOR TODAY
                         NORMAL    RECORD    YEAR
 MAXIMUM TEMPERATURE (F)   80        95      1984
 MINIMUM TEMPERATURE (F)   57        43      1957


SUNRISE AND SUNSET
MAY  6 2015...........SUNRISE   619 AM CDT   SUNSET   757 PM CDT
MAY  7 2015...........SUNRISE   618 AM CDT   SUNSET   758 PM CDT


-  INDICATES NEGATIVE NUMBERS.
R  INDICATES RECORD WAS SET OR TIED.
MM INDICATES DATA IS MISSING.
T  INDICATES TRACE AMOUNT.




$$
