000
CDUS45 KLKN 070044
CLIELY


CLIMATE REPORT
NATIONAL WEATHER SERVICE ELKO NV
544 PM PDT WED MAY 6 2015


...................................

...THE ELY AIRPORT NV CLIMATE SUMMARY FOR MAY 6 2015...
VALID TODAY AS OF 0500 PM LOCAL TIME.

CLIMATE NORMAL PERIOD 1981 TO 2010
CLIMATE RECORD PERIOD 1893 TO 2015


WEATHER ITEM   OBSERVED TIME   RECORD YEAR NORMAL DEPARTURE LAST
                VALUE   (LST)  VALUE       VALUE  FROM      YEAR
                                                  NORMAL
..................................................................
TEMPERATURE (F)
 TODAY
  MAXIMUM         61   1155 AM  82    1989  64     -3       47
  MINIMUM         42    310 PM   9    1965  32     10       31
  AVERAGE         52                        48      4       39

PRECIPITATION (IN)
  TODAY            0.10          0.76 2014   0.03   0.07     0.76
  MONTH TO DATE    0.10                      0.21  -0.11     0.79
  SINCE OCT 1      2.82                      5.83  -3.01     6.68
  SINCE JAN 1      1.65                      3.54  -1.89     4.00

SNOWFALL (IN)
  TODAY            0.0           3.6  1964   0.1   -0.1      0.9
  MONTH TO DATE    0.0                       0.7   -0.7      0.9
  SINCE MAR 1      8.7                      14.2   -5.5     11.9
  SINCE JUL 1     19.7                      49.1  -29.4     51.0
  SNOW DEPTH       0

DEGREE DAYS
 HEATING
  TODAY           13                        17     -4       26
  MONTH TO DATE   63                       106    -43       79
  SINCE MAR 1   1418                      1672   -254     1542
  SINCE JUL 1   5662                      7009  -1347     6561

 COOLING
  TODAY            0                         0      0        0
  MONTH TO DATE    0                         0      0        0
  SINCE MAR 1      0                         0      0        0
  SINCE JAN 1      0                         0      0        0
..................................................................


WIND (MPH)
  HIGHEST WIND SPEED    35   HIGHEST WIND DIRECTION    SE (140)
  HIGHEST GUST SPEED    42   HIGHEST GUST DIRECTION    SE (140)



WEATHER CONDITIONS
 THE FOLLOWING WEATHER WAS RECORDED TODAY.
  THUNDERSTORM
  LIGHT RAIN
  FOG


RELATIVE HUMIDITY (PERCENT)
 HIGHEST    83           500 AM
 LOWEST     36          1200 PM
 AVERAGE    60

..........................................................


THE ELY AIRPORT NV CLIMATE NORMALS FOR TOMORROW
                         NORMAL    RECORD    YEAR
 MAXIMUM TEMPERATURE (F)   65        83      1989
 MINIMUM TEMPERATURE (F)   32         8      1965


SUNRISE AND SUNSET
MAY  6 2015...........SUNRISE   535 AM PDT   SUNSET   737 PM PDT
MAY  7 2015...........SUNRISE   534 AM PDT   SUNSET   738 PM PDT


-  INDICATES NEGATIVE NUMBERS.
R  INDICATES RECORD WAS SET OR TIED.
MM INDICATES DATA IS MISSING.
T  INDICATES TRACE AMOUNT.




$$
