000
CDUS43 KTOP 192143
CLIEMP


CLIMATE REPORT
NATIONAL WEATHER SERVICE TOPEKA KS
443 PM CDT SUN APR 19 2015


...................................

...THE EMPORIA KS CLIMATE SUMMARY FOR APRIL 19 2015...
VALID TODAY AS OF 0400 PM LOCAL TIME.

CLIMATE NORMAL PERIOD 1981 TO 2010
CLIMATE RECORD PERIOD 9999 TO 9999


WEATHER ITEM   OBSERVED NORMAL DEPARTURE LAST
                VALUE   VALUE  FROM      YEAR
                               NORMAL
...............................................
TEMPERATURE (F)
 TODAY
  MAXIMUM         67     69     -2       78
  MINIMUM         51     45      6       45
  AVERAGE         59     57      2       62

PRECIPITATION (IN)
  TODAY            0.36   0.13   0.23     0.00
  MONTH TO DATE    3.75   1.78   1.97     0.51
  SINCE MAR 1      4.33   4.31   0.02     0.92
  SINCE JAN 1      5.73   6.17  -0.44     1.41

DEGREE DAYS
 HEATING
  TODAY            6      9     -3        3
  MONTH TO DATE  129    220    -91      255
  SINCE MAR 1    660    830   -170      994
  SINCE JUL 1   4661   4652      9     5319

 COOLING
  TODAY            0      1     -1        0
  MONTH TO DATE    5     13     -8        5
  SINCE MAR 1      6     15     -9        5
  SINCE JAN 1      6     15     -9        5
...............................................


WIND (MPH)
  HIGHEST WIND SPEED    31   HIGHEST WIND DIRECTION    NW (320)
  HIGHEST GUST SPEED    43   HIGHEST GUST DIRECTION    NW (320)
  AVERAGE WIND SPEED     6.6



WEATHER CONDITIONS
 THE FOLLOWING WEATHER WAS RECORDED TODAY.
  THUNDERSTORM
  RAIN
  LIGHT RAIN
  FOG


RELATIVE HUMIDITY (PERCENT)
 HIGHEST   100
 LOWEST     58
 AVERAGE    79

..........................................................


THE EMPORIA KS CLIMATE NORMALS FOR TOMORROW
                         NORMAL
 MAXIMUM TEMPERATURE (F)   69
 MINIMUM TEMPERATURE (F)   45


SUNRISE AND SUNSET
APRIL 19 2015.........SUNRISE   644 AM CDT   SUNSET   805 PM CDT
APRIL 20 2015.........SUNRISE   642 AM CDT   SUNSET   806 PM CDT


-  INDICATES NEGATIVE NUMBERS.
R  INDICATES RECORD WAS SET OR TIED.
MM INDICATES DATA IS MISSING.
T  INDICATES TRACE AMOUNT.




$$
