000
CDUS42 KKEY 062033
CLIEYW

CLIMATE REPORT
NATIONAL WEATHER SERVICE KEY WEST, FL
432 PM EDT WED MAY 6 2015

...................................

...THE KEY WEST CLIMATE SUMMARY FOR MAY 6 2015...
VALID TODAY AS OF 0400 PM LOCAL TIME.

CLIMATE NORMAL PERIOD 1981 TO 2010
CLIMATE RECORD PERIOD 1871 TO 2015


WEATHER ITEM   OBSERVED TIME   RECORD YEAR NORMAL DEPARTURE LAST
                VALUE   (LST)  VALUE       VALUE  FROM      YEAR
                                                  NORMAL
..................................................................
TEMPERATURE (F)
 TODAY
  MAXIMUM         85    240 PM  89    1991  84      1       85
                                      1978
                                      1956
  MINIMUM         71    601 AM  67    1992  74     -3       75
                                      1889
  AVERAGE         78                        79     -1       80

PRECIPITATION (IN)
  TODAY            0.00          1.49 1972   0.06  -0.06     0.00
  MONTH TO DATE    0.03                      0.32  -0.29     0.31
  SINCE MAR 1      8.11                      4.42   3.69     4.65
  SINCE JAN 1     11.34                      7.95   3.39    12.25

SNOWFALL (IN)
  TODAY            0.0
  MONTH TO DATE    0.0
  SINCE MAR 1      0.0
  SINCE JUL 1      0.0
  SNOW DEPTH       0

DEGREE DAYS
 HEATING
  TODAY            0                         0      0        0
  MONTH TO DATE    0                         0      0        0
  SINCE MAR 1      0                         7     -7        0
  SINCE JUL 1     27                        73    -46       22

 COOLING
  TODAY           13                        14     -1       15
  MONTH TO DATE   76                        83     -7       97
  SINCE MAR 1    920                       689    231      765
  SINCE JAN 1   1278                      1037    241     1191
..................................................................


WIND (MPH)
  HIGHEST WIND SPEED    13   HIGHEST WIND DIRECTION     N (10)
  HIGHEST GUST SPEED    14   HIGHEST GUST DIRECTION     N (360)
  AVERAGE WIND SPEED     5.2


SKY COVER
  POSSIBLE SUNSHINE  MM
  AVERAGE SKY COVER 0.0


WEATHER CONDITIONS
 THE FOLLOWING WEATHER WAS RECORDED TODAY.
  NO SIGNIFICANT WEATHER WAS OBSERVED.


RELATIVE HUMIDITY (PERCENT)
 HIGHEST    93
 LOWEST     55
 AVERAGE    74

..........................................................


THE KEY WEST CLIMATE NORMALS FOR TOMORROW
                         NORMAL    RECORD    YEAR
 MAXIMUM TEMPERATURE (F)   84        89      1956
                                             1873
 MINIMUM TEMPERATURE (F)   74        66      1954
                                             1925


SUNRISE AND SUNSET
MAY  6 2015...........SUNRISE   649 AM EDT   SUNSET   759 PM EDT
MAY  7 2015...........SUNRISE   648 AM EDT   SUNSET   759 PM EDT


-  INDICATES NEGATIVE NUMBERS.
R  INDICATES RECORD WAS SET OR TIED.
MM INDICATES DATA IS MISSING.
T  INDICATES TRACE AMOUNT.




$$
