000
CDUS46 KHNX 210821
CLIFAT


CLIMATE REPORT
NATIONAL WEATHER SERVICE SAN JOAQUIN VALLEY, CA
121 AM PDT TUE APR 21 2015


...................................

...THE FRESNO CA CLIMATE SUMMARY FOR APRIL 20 2015...

CLIMATE NORMAL PERIOD 1981 TO 2010
CLIMATE RECORD PERIOD 1887 TO 2015


WEATHER ITEM   OBSERVED TIME   RECORD YEAR NORMAL DEPARTURE
                VALUE   (LST)  VALUE       VALUE  FROM
                                                  NORMAL
...............................................................
TEMPERATURE (F)
 YESTERDAY
  MAXIMUM         87    318 PM  96    2009  76     11
  MINIMUM         57    554 AM  36    1896  50      7
  AVERAGE         72                        63      9

PRECIPITATION (IN)
  YESTERDAY        0.00          0.77 2010   0.02  -0.02
  MONTH TO DATE    0.56                      0.68  -0.12
  SINCE OCT 1      5.15                     10.40  -5.25
  SINCE JAN 1      1.96                      6.93  -4.97

SNOWFALL (IN)
  YESTERDAY        0.0
  MONTH TO DATE    0.0
  SINCE MAR 1      0.0
  SINCE JUL 1      0.0
  SNOW DEPTH       0

DEGREE DAYS
 HEATING
  YESTERDAY        0                               -4
  MONTH TO DATE   77                              -32
  SINCE MAR 1    160                             -214
  SINCE JUL 1   1486                             -800

 COOLING
  YESTERDAY        7                                5
  MONTH TO DATE   32                                9
  SINCE MAR 1     90                               62
  SINCE JAN 1     90                               62
...............................................................


WIND (MPH)
  HIGHEST WIND SPEED    23   HIGHEST WIND DIRECTION    NW (310)
  HIGHEST GUST SPEED    28   HIGHEST GUST DIRECTION    NW (300)
  AVERAGE WIND SPEED     9.3




RELATIVE HUMIDITY (PERCENT)
 HIGHEST    80
 LOWEST     21
 AVERAGE    51

..........................................................


THE FRESNO CA CLIMATE NORMALS FOR TODAY
                         NORMAL    RECORD    YEAR
 MAXIMUM TEMPERATURE (F)   76        98      2009
 MINIMUM TEMPERATURE (F)   50        36      1968


SUNRISE AND SUNSET
APRIL 21 2015.........SUNRISE   617 AM PDT   SUNSET   738 PM PDT
APRIL 22 2015.........SUNRISE   616 AM PDT   SUNSET   739 PM PDT


-  INDICATES NEGATIVE NUMBERS.
R  INDICATES RECORD WAS SET OR TIED.
MM INDICATES DATA IS MISSING.
T  INDICATES TRACE AMOUNT.




$$
