000
CDUS45 KFGZ 010059
CLIFLG
CLIMATE REPORT
NATIONAL WEATHER SERVICE FLAGSTAFF, AZ
558 PM MST TUE MAR 31 2015


...................................

...THE FLAGSTAFF AZ AIRPORT CLIMATE SUMMARY FOR MARCH 31 2015...
VALID TODAY AS OF 0500 PM LOCAL TIME.

CLIMATE NORMAL PERIOD 1981 TO 2010
CLIMATE RECORD PERIOD 1898 TO 2015


WEATHER ITEM   OBSERVED TIME   RECORD YEAR NORMAL DEPARTURE LAST
                VALUE   (LST)  VALUE       VALUE  FROM      YEAR
                                                  NORMAL
..................................................................
TEMPERATURE (F)
 TODAY
  MAXIMUM         68    330 PM  73    1966  54     14       55
  MINIMUM         34    605 AM   3    1912  26      8       19
  AVERAGE         51                        40     11       37

PRECIPITATION (IN)
  TODAY            0.00          1.24 1903   0.05  -0.05     0.00
  MONTH TO DATE    3.73                      2.12   1.61     1.24
  SINCE SEP 1     15.87                     14.00   1.87     8.95
  SINCE JAN 1      8.04                      6.33   1.71     1.84

SNOWFALL (IN)
  TODAY            0.0           6.9  1970   0.4   -0.4      0.0
  MONTH TO DATE   17.3                      20.7   -3.4      1.4
  SINCE SEP 1     56.2                      93.9  -37.7     34.9
  SNOW DEPTH       0

DEGREE DAYS
 HEATING
  TODAY           14                        25    -11       28
  MONTH TO DATE  708                       867   -159      761
  SINCE JUL 1   4758                      5707   -949     5362

 COOLING
  TODAY            0                         0      0        0
  MONTH TO DATE    0                         0      0        0
  SINCE JAN 1      0                         0      0        0
..................................................................


WIND (MPH)
  HIGHEST WIND SPEED    29   HIGHEST WIND DIRECTION    SW (210)
  HIGHEST GUST SPEED    36   HIGHEST GUST DIRECTION    SW (220)
  AVERAGE WIND SPEED     8.1


SKY COVER
  POSSIBLE SUNSHINE  MM
  AVERAGE SKY COVER 0.1


WEATHER CONDITIONS
 THE FOLLOWING WEATHER WAS RECORDED TODAY.
  NO SIGNIFICANT WEATHER WAS OBSERVED.


RELATIVE HUMIDITY (PERCENT)
 HIGHEST    56           100 AM
 LOWEST     18           100 PM
 AVERAGE    37

..........................................................


THE FLAGSTAFF AZ AIRPORT CLIMATE NORMALS FOR TOMORROW
                         NORMAL    RECORD    YEAR
 MAXIMUM TEMPERATURE (F)   54        74      2011
 MINIMUM TEMPERATURE (F)   26         2      1970


SUNRISE AND SUNSET
MARCH 31 2015.........SUNRISE   615 AM MST   SUNSET   647 PM MST
APRIL  1 2015.........SUNRISE   614 AM MST   SUNSET   648 PM MST


-  INDICATES NEGATIVE NUMBERS.
R  INDICATES RECORD WAS SET OR TIED.
MM INDICATES DATA IS MISSING.
T  INDICATES TRACE AMOUNT.




$$


&&

-------------------------------------------------------------------
SNOW DEPTH DATA FOR FLAGSTAFF AIRPORT IS REPORTED AT 5 AM MST


-------------------------------------------------------------------
SUPPLEMENTARY CLIMATE DATA FOR NWS BELLEMONT, ARIZONA

SNOW DEPTH (IN) AT 11 AM........................................ 0
WATER EQUIVALENT OF SNOW PACK (IN) AT 11 AM*...................
* ONLY MEASURED IF SNOW DEPTH IS 2.0 INCHES OR GREATER
-------------------------------------------------------------------
