000
CDUS42 KILM 190843
CLIFLO


CLIMATE REPORT
NATIONAL WEATHER SERVICE WILMINGTON NC
440 AM EDT SUN APR 19 2015


...................................

...THE FLORENCE SC CLIMATE SUMMARY FOR APRIL 18 2015...

CLIMATE NORMAL PERIOD 1981 TO 2010
CLIMATE RECORD PERIOD 1948 TO 2015


WEATHER ITEM   OBSERVED TIME   RECORD YEAR NORMAL DEPARTURE LAST
                VALUE   (LST)  VALUE       VALUE  FROM      YEAR
                                                  NORMAL
..................................................................
TEMPERATURE (F)
 YESTERDAY
  MAXIMUM         78    105 PM  93    1981  76      2       64
  MINIMUM         65    730 AM  35    2001  51     14       47
  AVERAGE         72                        64      8       56

PRECIPITATION (IN)
  YESTERDAY        1.04R         0.99 2014   0.09   0.95     0.99
  MONTH TO DATE    2.28                      1.55   0.73     2.58
  SINCE MAR 1      5.68                      4.88   0.80     7.13
  SINCE JAN 1     12.61                     11.03   1.58    12.85

SNOWFALL (IN)
  YESTERDAY       MM
  MONTH TO DATE   MM
  SINCE MAR 1     MM
  SINCE JUL 1     MM
  SNOW DEPTH      MM

DEGREE DAYS
 HEATING
  YESTERDAY        0                         4     -4        9
  MONTH TO DATE   26                        92    -66       66
  SINCE MAR 1    278                       402   -124      509
  SINCE JUL 1   2516                      2468     48     2638

 COOLING
  YESTERDAY        7                         2      5        0
  MONTH TO DATE   77                        33     44       36
  SINCE MAR 1    101                        51     50       40
  SINCE JAN 1    104                        57     47       46
..................................................................


WIND (MPH)
  HIGHEST WIND SPEED    10   HIGHEST WIND DIRECTION    SE (120)
  HIGHEST GUST SPEED    14   HIGHEST GUST DIRECTION     E (80)
  AVERAGE WIND SPEED     5.0


SKY COVER
  POSSIBLE SUNSHINE  MM
  AVERAGE SKY COVER 0.8


WEATHER CONDITIONS
 THE FOLLOWING WEATHER WAS RECORDED YESTERDAY.
  HEAVY RAIN
  RAIN
  LIGHT RAIN
  FOG


RELATIVE HUMIDITY (PERCENT)
 HIGHEST    93           200 AM
 LOWEST     64           100 PM
 AVERAGE    79

..........................................................


THE FLORENCE SC CLIMATE NORMALS FOR TODAY
                         NORMAL    RECORD    YEAR
 MAXIMUM TEMPERATURE (F)   77        92      1995
 MINIMUM TEMPERATURE (F)   52        32      1983


SUNRISE AND SUNSET
APRIL 19 2015.........SUNRISE   643 AM EDT   SUNSET   753 PM EDT
APRIL 20 2015.........SUNRISE   642 AM EDT   SUNSET   754 PM EDT


-  INDICATES NEGATIVE NUMBERS.
R  INDICATES RECORD WAS SET OR TIED.
MM INDICATES DATA IS MISSING.
T  INDICATES TRACE AMOUNT.




$$
