000
CDUS43 KIWX 270523
CLIFWA


CLIMATE REPORT
NATIONAL WEATHER SERVICE NORTHERN INDIANA
122 AM EDT MON APR 27 2015


...................................

...THE FORT WAYNE CLIMATE SUMMARY FOR APRIL 26 2015...

CLIMATE NORMAL PERIOD 1981 TO 2010
CLIMATE RECORD PERIOD 1897 TO 2015


WEATHER ITEM   OBSERVED TIME   RECORD YEAR NORMAL DEPARTURE LAST
                VALUE   (LST)  VALUE       VALUE  FROM      YEAR
                                                  NORMAL
..................................................................
TEMPERATURE (F)
 YESTERDAY
  MAXIMUM         59    453 PM  88    1986  65     -6       67
  MINIMUM         34    514 AM  29    2006  43     -9       45
  AVERAGE         47                        54     -7       56

PRECIPITATION (IN)
  YESTERDAY        0.00          1.24 1945   0.11  -0.11     0.01
  MONTH TO DATE    3.28                      3.09   0.19     3.44
  SINCE MAR 1      5.35                      5.80  -0.45     5.34
  SINCE JAN 1      9.12                     10.10  -0.98    11.58

SNOWFALL (IN)
  YESTERDAY        0.0           0.2  1931   0.0    0.0      0.0
  MONTH TO DATE    T                         1.0   -1.0      1.1
  SINCE MAR 1      8.6                       5.1    3.5     14.3
  SINCE JUL 1     45.1                      33.5   11.6     76.1
  SNOW DEPTH       0

DEGREE DAYS
 HEATING
  YESTERDAY       18                        12      6        9
  MONTH TO DATE  363                       416    -53      404
  SINCE MAR 1   1324                      1242     82     1471
  SINCE JUL 1   6473                      5840    633     6724

 COOLING
  YESTERDAY        0                         0      0        0
  MONTH TO DATE    0                         0      0        1
  SINCE MAR 1      0                         0      0        1
  SINCE JAN 1      0                         0      0        1
..................................................................


WIND (MPH)
  HIGHEST WIND SPEED    18   HIGHEST WIND DIRECTION     N (360)
  HIGHEST GUST SPEED    23   HIGHEST GUST DIRECTION    NE (40)
  AVERAGE WIND SPEED    10.5


SKY COVER
  AVERAGE SKY COVER 0.4


WEATHER CONDITIONS
 THE FOLLOWING WEATHER WAS RECORDED YESTERDAY.
  NO SIGNIFICANT WEATHER WAS OBSERVED.


RELATIVE HUMIDITY (PERCENT)
 HIGHEST    76           100 AM
 LOWEST     40           400 PM
 AVERAGE    58

..........................................................


THE FORT WAYNE CLIMATE NORMALS FOR TODAY
                         NORMAL    RECORD    YEAR
 MAXIMUM TEMPERATURE (F)   66        85      1990
                                             1986
                                             1899
 MINIMUM TEMPERATURE (F)   43        28      2012
                                             1976


SUNRISE AND SUNSET
APRIL 27 2015.........SUNRISE   645 AM EDT   SUNSET   833 PM EDT
APRIL 28 2015.........SUNRISE   643 AM EDT   SUNSET   834 PM EDT


-  INDICATES NEGATIVE NUMBERS.
R  INDICATES RECORD WAS SET OR TIED.
MM INDICATES DATA IS MISSING.
T  INDICATES TRACE AMOUNT.




$$
