000
CDUS43 KIWX 012020
CLIFWA


CLIMATE REPORT
NATIONAL WEATHER SERVICE NORTHERN INDIANA
420 PM EDT WED APR 1 2015


...................................

...THE FORT WAYNE CLIMATE SUMMARY FOR APRIL 1 2015...
VALID TODAY AS OF 0400 PM LOCAL TIME.

CLIMATE NORMAL PERIOD 1981 TO 2010
CLIMATE RECORD PERIOD 1897 TO 2015


WEATHER ITEM   OBSERVED TIME   RECORD YEAR NORMAL DEPARTURE LAST
                VALUE   (LST)  VALUE       VALUE  FROM      YEAR
                                                  NORMAL
..................................................................
TEMPERATURE (F)
 TODAY
  MAXIMUM         66    259 PM  82    2010  55     11       55
  MINIMUM         32    704 AM  18    1964  34     -2       45
                                      1923
                                      1899
  AVERAGE         49                        44      5       50

PRECIPITATION (IN)
  TODAY            0.00          1.68 1959   0.12  -0.12     0.06
  MONTH TO DATE    0.00                      0.12  -0.12     0.06
  SINCE MAR 1      2.07                      2.83  -0.76     1.96
  SINCE JAN 1      5.84                      7.13  -1.29     8.20

SNOWFALL (IN)
  TODAY            0.0           2.0  1924   0.1   -0.1      0.0
  MONTH TO DATE    0.0                       0.1   -0.1      0.0
  SINCE MAR 1      8.6                       4.2    4.4     13.2
  SINCE JUL 1     45.1                      32.6   12.5     75.0

DEGREE DAYS
 HEATING
  TODAY           16                        21     -5       15
  MONTH TO DATE   16                        21     -5       15
  SINCE MAR 1    977                       847    130     1082
  SINCE JUL 1   6126                      5445    681     6335

 COOLING
  TODAY            0                         0      0        0
  MONTH TO DATE    0                         0      0        0
  SINCE MAR 1      0                         0      0        0
  SINCE JAN 1      0                         0      0        0
..................................................................


WIND (MPH)
  HIGHEST WIND SPEED    15   HIGHEST WIND DIRECTION    SW (230)
  HIGHEST GUST SPEED    19   HIGHEST GUST DIRECTION    SW (230)
  AVERAGE WIND SPEED     7.9


SKY COVER
  POSSIBLE SUNSHINE  MM
  AVERAGE SKY COVER 0.0


WEATHER CONDITIONS
 THE FOLLOWING WEATHER WAS RECORDED TODAY.
  FOG


RELATIVE HUMIDITY (PERCENT)
 HIGHEST    96           100 AM
 LOWEST     32           300 PM
 AVERAGE    64

..........................................................


THE FORT WAYNE CLIMATE NORMALS FOR TOMORROW
                         NORMAL    RECORD    YEAR
 MAXIMUM TEMPERATURE (F)   56        83      2010
 MINIMUM TEMPERATURE (F)   34        16      1899


SUNRISE AND SUNSET
APRIL  1 2015.........SUNRISE   725 AM EDT   SUNSET   805 PM EDT
APRIL  2 2015.........SUNRISE   723 AM EDT   SUNSET   807 PM EDT


-  INDICATES NEGATIVE NUMBERS.
R  INDICATES RECORD WAS SET OR TIED.
MM INDICATES DATA IS MISSING.
T  INDICATES TRACE AMOUNT.




$$
